CRAN Package Check Results for Package irace

Last updated on 2023-12-09 00:52:41 CET.

Flavor Version Tinstall Tcheck Ttotal Status Flags
r-devel-linux-x86_64-debian-clang 3.5 10.36 113.79 124.15 OK
r-devel-linux-x86_64-debian-gcc 3.5 8.37 81.95 90.32 OK
r-devel-linux-x86_64-fedora-clang 3.5 148.45 OK
r-devel-linux-x86_64-fedora-gcc 3.5 155.34 OK
r-devel-windows-x86_64 3.5 12.00 130.00 142.00 OK
r-patched-linux-x86_64 3.5 11.04 108.25 119.29 OK
r-release-linux-x86_64 3.5 9.68 105.30 114.98 OK
r-release-macos-arm64 3.5 55.00 NOTE
r-release-macos-x86_64 3.5 134.00 NOTE
r-release-windows-x86_64 3.5 11.00 147.00 158.00 OK
r-oldrel-macos-arm64 3.5 49.00 NOTE
r-oldrel-macos-x86_64 3.5 56.00 NOTE
r-oldrel-windows-x86_64 3.5 14.00 147.00 161.00 OK

Check Details

Version: 3.5
Check: package dependencies
Result: NOTE Package suggested but not available for checking: ‘Rmpi’ Flavors: r-release-macos-arm64, r-release-macos-x86_64, r-oldrel-macos-arm64, r-oldrel-macos-x86_64