CRAN Package Check Results for Package isdals

Last updated on 2021-10-17 00:48:40 CEST.

Flavor Version Tinstall Tcheck Ttotal Status Flags
r-devel-linux-x86_64-debian-clang 2.0-4 2.58 48.06 50.64 NOTE
r-devel-linux-x86_64-debian-gcc 2.0-4 2.11 38.55 40.66 NOTE
r-devel-linux-x86_64-fedora-clang 2.0-4 73.30 NOTE
r-devel-linux-x86_64-fedora-gcc 2.0-4 62.91 NOTE
r-devel-windows-x86_64 2.0-4 4.00 66.00 70.00 NOTE
r-devel-windows-x86_64-gcc10-UCRT 2.0-4 NOTE
r-patched-linux-x86_64 2.0-4 3.16 47.10 50.26 NOTE
r-patched-solaris-x86 2.0-4 100.20 NOTE
r-release-linux-x86_64 2.0-4 2.71 47.17 49.88 NOTE
r-release-macos-arm64 2.0-4 NOTE
r-release-macos-x86_64 2.0-4 NOTE
r-release-windows-ix86+x86_64 2.0-4 5.00 86.00 91.00 NOTE
r-oldrel-macos-x86_64 2.0-4 NOTE
r-oldrel-windows-ix86+x86_64 2.0-4 7.00 84.00 91.00 NOTE

Check Details

Version: 2.0-4
Check: DESCRIPTION meta-information
Result: NOTE
    Malformed Description field: should contain one or more complete sentences.
Flavors: r-devel-linux-x86_64-debian-clang, r-devel-linux-x86_64-debian-gcc, r-devel-linux-x86_64-fedora-clang, r-devel-linux-x86_64-fedora-gcc, r-devel-windows-x86_64, r-devel-windows-x86_64-gcc10-UCRT, r-patched-linux-x86_64, r-patched-solaris-x86, r-release-linux-x86_64, r-release-macos-arm64, r-release-macos-x86_64, r-release-windows-ix86+x86_64, r-oldrel-macos-x86_64, r-oldrel-windows-ix86+x86_64

Version: 2.0-4
Check: R code for possible problems
Result: NOTE
    residualplot: no visible global function definition for 'predict'
    residualplot: no visible global function definition for 'rstandard'
    residualplot: no visible global function definition for
     'complete.cases'
    residualplot: no visible global function definition for 'points'
    residualplot: no visible global function definition for 'lines'
    residualplot: no visible global function definition for 'smooth.spline'
    residualplot: no visible global function definition for 'sd'
    residualplot: no visible global function definition for 'rgb'
    residualplot: no visible global function definition for 'polygon'
    Undefined global functions or variables:
     complete.cases lines points polygon predict rgb rstandard sd
     smooth.spline
    Consider adding
     importFrom("grDevices", "rgb")
     importFrom("graphics", "lines", "points", "polygon")
     importFrom("stats", "complete.cases", "predict", "rstandard", "sd",
     "smooth.spline")
    to your NAMESPACE file.
Flavors: r-devel-linux-x86_64-debian-clang, r-devel-linux-x86_64-debian-gcc, r-devel-linux-x86_64-fedora-clang, r-devel-linux-x86_64-fedora-gcc, r-devel-windows-x86_64, r-devel-windows-x86_64-gcc10-UCRT, r-patched-linux-x86_64, r-patched-solaris-x86, r-release-linux-x86_64, r-release-macos-arm64, r-release-macos-x86_64, r-release-windows-ix86+x86_64, r-oldrel-macos-x86_64, r-oldrel-windows-ix86+x86_64