CRAN Package Check Results for Package isodistrreg

Last updated on 2023-12-11 00:49:09 CET.

Flavor Version Tinstall Tcheck Ttotal Status Flags
r-devel-linux-x86_64-debian-clang 0.1.0 47.09 96.06 143.15 OK
r-devel-linux-x86_64-debian-gcc 0.1.0 32.87 74.98 107.85 OK
r-devel-linux-x86_64-fedora-clang 0.1.0 192.36 NOTE
r-devel-linux-x86_64-fedora-gcc 0.1.0 194.99 NOTE
r-devel-windows-x86_64 0.1.0 37.00 117.00 154.00 OK
r-patched-linux-x86_64 0.1.0 37.20 94.45 131.65 OK
r-release-linux-x86_64 0.1.0 36.88 93.81 130.69 OK
r-release-macos-arm64 0.1.0 59.00 OK
r-release-macos-x86_64 0.1.0 96.00 OK
r-release-windows-x86_64 0.1.0 47.00 135.00 182.00 OK
r-oldrel-macos-arm64 0.1.0 49.00 OK
r-oldrel-macos-x86_64 0.1.0 67.00 NOTE
r-oldrel-windows-x86_64 0.1.0 42.00 132.00 174.00 OK

Check Details

Version: 0.1.0
Check: dependencies in R code
Result: NOTE Namespace in Imports field not imported from: ‘Rcpp’ All declared Imports should be used. Flavors: r-devel-linux-x86_64-fedora-clang, r-devel-linux-x86_64-fedora-gcc, r-oldrel-macos-x86_64