CRAN Package Check Results for Package ispdata

Last updated on 2023-10-04 00:58:27 CEST.

Flavor Version Tinstall Tcheck Ttotal Status Flags
r-devel-linux-x86_64-debian-clang 1.1.2 14.42 71.95 86.37 OK
r-devel-linux-x86_64-debian-gcc 1.1.2 11.10 54.51 65.61 OK
r-devel-linux-x86_64-fedora-clang 1.1.2 99.61 NOTE
r-devel-linux-x86_64-fedora-gcc 1.1.2 99.31 NOTE
r-devel-windows-x86_64 1.1.2 12.00 79.00 91.00 NOTE
r-patched-linux-x86_64 1.1.2 9.04 68.19 77.23 OK
r-release-linux-x86_64 1.1.2 9.81 68.53 78.34 OK
r-release-macos-arm64 1.1.2 46.00 NOTE
r-release-macos-x86_64 1.1.2 74.00 NOTE
r-release-windows-x86_64 1.1.2 19.00 85.00 104.00 NOTE
r-oldrel-macos-arm64 1.1.2 41.00 NOTE
r-oldrel-macos-x86_64 1.1.2 46.00 NOTE
r-oldrel-windows-x86_64 1.1.2 18.00 87.00 105.00 NOTE

Check Details

Version: 1.1.2
Check: installed package size
Result: NOTE
     installed size is 5.3Mb
     sub-directories of 1Mb or more:
     data 5.1Mb
Flavors: r-devel-linux-x86_64-fedora-clang, r-devel-windows-x86_64, r-release-macos-arm64, r-release-macos-x86_64, r-release-windows-x86_64, r-oldrel-macos-arm64, r-oldrel-macos-x86_64, r-oldrel-windows-x86_64

Version: 1.1.2
Check: dependencies in R code
Result: NOTE
    Namespace in Imports field not imported from: ‘curl’
     All declared Imports should be used.
Flavors: r-devel-linux-x86_64-fedora-clang, r-devel-linux-x86_64-fedora-gcc

Version: 1.1.2
Check: data for non-ASCII characters
Result: NOTE
     Note: found 87 marked UTF-8 strings
Flavors: r-devel-linux-x86_64-fedora-clang, r-devel-linux-x86_64-fedora-gcc