CRAN Package Check Results for Package ispdata

Last updated on 2024-06-20 00:59:34 CEST.

Flavor Version Tinstall Tcheck Ttotal Status Flags
r-devel-linux-x86_64-debian-clang 1.1.2 10.76 55.48 66.24 OK
r-devel-linux-x86_64-debian-gcc 1.1.2 9.77 42.27 52.04 OK
r-devel-linux-x86_64-fedora-clang 1.1.2 81.06 NOTE
r-devel-linux-x86_64-fedora-gcc 1.1.2 77.76 NOTE
r-devel-windows-x86_64 1.1.2 12.00 67.00 79.00 NOTE
r-patched-linux-x86_64 1.1.2 12.80 51.76 64.56 OK
r-release-linux-x86_64 1.1.2 8.75 53.85 62.60 OK
r-release-macos-arm64 1.1.2 33.00 NOTE
r-release-macos-x86_64 1.1.2 50.00 NOTE
r-release-windows-x86_64 1.1.2 14.00 74.00 88.00 NOTE
r-oldrel-macos-arm64 1.1.2 46.00 NOTE
r-oldrel-macos-x86_64 1.1.2 74.00 NOTE
r-oldrel-windows-x86_64 1.1.2 14.00 72.00 86.00 NOTE

Check Details

Version: 1.1.2
Check: installed package size
Result: NOTE installed size is 5.3Mb sub-directories of 1Mb or more: data 5.1Mb Flavors: r-devel-linux-x86_64-fedora-clang, r-devel-windows-x86_64, r-release-macos-arm64, r-release-macos-x86_64, r-release-windows-x86_64, r-oldrel-macos-arm64, r-oldrel-macos-x86_64, r-oldrel-windows-x86_64

Version: 1.1.2
Check: dependencies in R code
Result: NOTE Namespace in Imports field not imported from: ‘curl’ All declared Imports should be used. Flavors: r-devel-linux-x86_64-fedora-clang, r-devel-linux-x86_64-fedora-gcc

Version: 1.1.2
Check: data for non-ASCII characters
Result: NOTE Note: found 87 marked UTF-8 strings Flavors: r-devel-linux-x86_64-fedora-clang, r-devel-linux-x86_64-fedora-gcc