CRAN Package Check Results for Package jSDM

Last updated on 2024-06-20 00:59:35 CEST.

Flavor Version Tinstall Tcheck Ttotal Status Flags
r-devel-linux-x86_64-debian-clang 0.2.6 1188.12 350.95 1539.07 NOTE
r-devel-linux-x86_64-debian-gcc 0.2.6 785.85 256.31 1042.16 NOTE
r-devel-linux-x86_64-fedora-clang 0.2.6 2132.70 NOTE
r-devel-linux-x86_64-fedora-gcc 0.2.6 2281.64 NOTE
r-devel-windows-x86_64 0.2.6 864.00 386.00 1250.00 NOTE
r-patched-linux-x86_64 0.2.6 969.99 334.50 1304.49 NOTE
r-release-linux-x86_64 0.2.6 962.05 340.99 1303.04 NOTE
r-release-macos-arm64 0.2.6 377.00 NOTE
r-release-macos-x86_64 0.2.6 417.00 NOTE
r-release-windows-x86_64 0.2.6 861.00 401.00 1262.00 NOTE
r-oldrel-macos-arm64 0.2.6 372.00 NOTE
r-oldrel-macos-x86_64 0.2.6 480.00 NOTE
r-oldrel-windows-x86_64 0.2.6 1051.00 453.00 1504.00 NOTE

Check Details

Version: 0.2.6
Check: Rd files
Result: NOTE checkRd: (-1) jSDM_binomial_probit_long_format.Rd:45: Lost braces 45 | \code{species} \tab numeric or character eqn{n_{obs}}{n_obs}-length vector indicating the species observed, \cr | ^ checkRd: (-1) jSDM_binomial_probit_long_format.Rd:45: Lost braces; missing escapes or markup? 45 | \code{species} \tab numeric or character eqn{n_{obs}}{n_obs}-length vector indicating the species observed, \cr | ^ checkRd: (-1) jSDM_binomial_probit_long_format.Rd:45: Lost braces 45 | \code{species} \tab numeric or character eqn{n_{obs}}{n_obs}-length vector indicating the species observed, \cr | ^ Flavors: r-devel-linux-x86_64-debian-clang, r-devel-linux-x86_64-debian-gcc, r-devel-linux-x86_64-fedora-clang, r-devel-linux-x86_64-fedora-gcc, r-devel-windows-x86_64, r-patched-linux-x86_64, r-release-linux-x86_64, r-release-macos-arm64, r-release-macos-x86_64, r-release-windows-x86_64

Version: 0.2.6
Check: installed package size
Result: NOTE installed size is 5.0Mb sub-directories of 1Mb or more: libs 3.6Mb Flavors: r-devel-windows-x86_64, r-release-macos-arm64, r-release-macos-x86_64, r-release-windows-x86_64, r-oldrel-macos-arm64, r-oldrel-macos-x86_64, r-oldrel-windows-x86_64