CRAN Package Check Results for Package jenga

Last updated on 2024-06-14 00:53:46 CEST.

Flavor Version Tinstall Tcheck Ttotal Status Flags
r-devel-linux-x86_64-debian-clang 1.3.0 13.53 127.09 140.62 OK
r-devel-linux-x86_64-debian-gcc 1.3.0 0.33 1.77 2.10 ERROR
r-devel-linux-x86_64-fedora-clang 1.3.0 179.81 OK
r-devel-linux-x86_64-fedora-gcc 1.3.0 167.08 OK
r-devel-windows-x86_64 1.3.0 13.00 99.00 112.00 OK
r-patched-linux-x86_64 1.3.0 11.35 124.27 135.62 OK
r-release-linux-x86_64 1.3.0 9.75 122.42 132.17 OK
r-release-macos-arm64 1.3.0 47.00 OK
r-release-macos-x86_64 1.3.0 74.00 OK
r-release-windows-x86_64 1.3.0 13.00 101.00 114.00 OK
r-oldrel-macos-arm64 1.3.0 51.00 OK
r-oldrel-macos-x86_64 1.3.0 85.00 OK
r-oldrel-windows-x86_64 1.3.0 18.00 123.00 141.00 OK

Check Details

Version: 1.3.0
Check: package dependencies
Result: ERROR Packages required but not available: 'purrr', 'ggplot2', 'readr', 'lubridate', 'narray', 'imputeTS', 'greybox', 'dplyr', 'fastDummies' See section ‘The DESCRIPTION file’ in the ‘Writing R Extensions’ manual. Flavor: r-devel-linux-x86_64-debian-gcc