CRAN Package Check Results for Package jiebaR

Last updated on 2024-06-14 00:53:46 CEST.

Flavor Version Tinstall Tcheck Ttotal Status Flags
r-devel-linux-x86_64-debian-clang 0.11 80.66 65.85 146.51 NOTE
r-devel-linux-x86_64-debian-gcc 0.11 54.23 41.26 95.49 ERROR
r-devel-linux-x86_64-fedora-clang 0.11 210.68 NOTE
r-devel-linux-x86_64-fedora-gcc 0.11 225.29 NOTE
r-devel-windows-x86_64 0.11 60.00 108.00 168.00 NOTE
r-patched-linux-x86_64 0.11 68.26 67.32 135.58 NOTE
r-release-linux-x86_64 0.11 63.61 66.38 129.99 NOTE
r-release-macos-arm64 0.11 53.00 NOTE
r-release-macos-x86_64 0.11 79.00 NOTE
r-release-windows-x86_64 0.11 60.00 115.00 175.00 NOTE
r-oldrel-macos-arm64 0.11 61.00 NOTE
r-oldrel-macos-x86_64 0.11 100.00 NOTE
r-oldrel-windows-x86_64 0.11 73.00 118.00 191.00 NOTE

Check Details

Version: 0.11
Check: C++ specification
Result: NOTE Specified C++11: please drop specification unless essential Flavors: r-devel-linux-x86_64-debian-clang, r-devel-linux-x86_64-debian-gcc, r-devel-linux-x86_64-fedora-clang, r-devel-linux-x86_64-fedora-gcc, r-devel-windows-x86_64, r-patched-linux-x86_64, r-release-linux-x86_64, r-release-macos-arm64, r-release-macos-x86_64, r-release-windows-x86_64, r-oldrel-macos-arm64, r-oldrel-macos-x86_64, r-oldrel-windows-x86_64

Version: 0.11
Check: package dependencies
Result: NOTE Packages suggested but not available for checking: 'testthat', 'devtools', 'roxygen2' Flavor: r-devel-linux-x86_64-debian-gcc

Version: 0.11
Check: tests
Result: ERROR Running ‘testthat.R’ [0s/1s] Running the tests in ‘tests/testthat.R’ failed. Complete output: > library(testthat) Error in library(testthat) : there is no package called 'testthat' Execution halted Flavor: r-devel-linux-x86_64-debian-gcc

Version: 0.11
Check: installed package size
Result: NOTE installed size is 5.5Mb sub-directories of 1Mb or more: libs 5.1Mb Flavors: r-release-macos-arm64, r-release-macos-x86_64, r-oldrel-macos-arm64, r-oldrel-macos-x86_64