CRAN Package Check Results for Package jmcm

Last updated on 2024-06-22 00:58:00 CEST.

Flavor Version Tinstall Tcheck Ttotal Status Flags
r-devel-linux-x86_64-debian-clang 0.2.4 53.60 53.55 107.15 NOTE
r-devel-linux-x86_64-debian-gcc 0.2.4 37.74 40.62 78.36 NOTE
r-devel-linux-x86_64-fedora-clang 0.2.4 143.34 NOTE
r-devel-linux-x86_64-fedora-gcc 0.2.4 162.74 NOTE
r-devel-windows-x86_64 0.2.4 42.00 85.00 127.00 NOTE
r-patched-linux-x86_64 0.2.4 45.29 52.27 97.56 NOTE
r-release-linux-x86_64 0.2.4 39.82 52.56 92.38 NOTE
r-release-macos-arm64 0.2.4 42.00 NOTE
r-release-macos-x86_64 0.2.4 80.00 NOTE
r-release-windows-x86_64 0.2.4 43.00 88.00 131.00 NOTE
r-oldrel-macos-arm64 0.2.4 48.00 NOTE
r-oldrel-macos-x86_64 0.2.4 83.00 NOTE
r-oldrel-windows-x86_64 0.2.4 50.00 100.00 150.00 NOTE

Check Details

Version: 0.2.4
Check: C++ specification
Result: NOTE Specified C++11: please drop specification unless essential Flavors: r-devel-linux-x86_64-debian-clang, r-devel-linux-x86_64-debian-gcc, r-devel-linux-x86_64-fedora-clang, r-devel-linux-x86_64-fedora-gcc, r-devel-windows-x86_64, r-patched-linux-x86_64, r-release-linux-x86_64, r-release-macos-arm64, r-release-macos-x86_64, r-release-windows-x86_64, r-oldrel-macos-arm64, r-oldrel-macos-x86_64, r-oldrel-windows-x86_64

Version: 0.2.4
Check: installed package size
Result: NOTE installed size is 5.9Mb sub-directories of 1Mb or more: libs 4.6Mb Flavors: r-release-macos-arm64, r-release-macos-x86_64, r-oldrel-macos-arm64, r-oldrel-macos-x86_64