CRAN Package Check Results for Package jointseg

Last updated on 2021-10-23 00:48:57 CEST.

Flavor Version Tinstall Tcheck Ttotal Status Flags
r-devel-linux-x86_64-debian-clang 1.0.2 6.55 75.08 81.63 OK
r-devel-linux-x86_64-debian-gcc 1.0.2 5.27 57.89 63.16 OK
r-devel-linux-x86_64-fedora-clang 1.0.2 117.66 OK
r-devel-linux-x86_64-fedora-gcc 1.0.2 99.90 OK
r-devel-windows-x86_64 1.0.2 14.00 117.00 131.00 OK
r-devel-windows-x86_64-gcc10-UCRT 1.0.2 OK
r-patched-linux-x86_64 1.0.2 7.12 73.01 80.13 OK
r-patched-solaris-x86 1.0.2 131.90 OK
r-release-linux-x86_64 1.0.2 6.61 72.82 79.43 OK
r-release-macos-arm64 1.0.2 NOTE
r-release-macos-x86_64 1.0.2 OK
r-release-windows-ix86+x86_64 1.0.2 17.00 167.00 184.00 OK
r-oldrel-macos-x86_64 1.0.2 OK
r-oldrel-windows-ix86+x86_64 1.0.2 24.00 174.00 198.00 OK

Check Details

Version: 1.0.2
Check: package dependencies
Result: NOTE
    Package suggested but not available for checking: ‘PSCBS’
Flavor: r-release-macos-arm64

Version: 1.0.2
Check: Rd cross-references
Result: NOTE
    Package unavailable to check Rd xrefs: ‘PSCBS’
Flavor: r-release-macos-arm64