CRAN Package Check Results for Package jpmesh

Last updated on 2021-10-21 00:49:48 CEST.

Flavor Version Tinstall Tcheck Ttotal Status Flags
r-devel-linux-x86_64-debian-clang 2.0.2 10.40 163.21 173.61 OK
r-devel-linux-x86_64-debian-gcc 2.0.2 9.69 124.94 134.63 OK
r-devel-linux-x86_64-fedora-clang 2.0.2 224.79 NOTE
r-devel-linux-x86_64-fedora-gcc 2.0.2 202.95 NOTE
r-devel-windows-x86_64 2.0.2 18.00 203.00 221.00 OK
r-devel-windows-x86_64-gcc10-UCRT 2.0.2 NOTE
r-patched-linux-x86_64 2.0.2 9.59 155.53 165.12 OK
r-patched-solaris-x86 2.0.2 311.20 NOTE
r-release-linux-x86_64 2.0.2 8.78 156.66 165.44 OK
r-release-macos-arm64 2.0.2 NOTE
r-release-macos-x86_64 2.0.2 NOTE
r-release-windows-ix86+x86_64 2.0.2 30.00 196.00 226.00 OK
r-oldrel-macos-x86_64 2.0.2 NOTE
r-oldrel-windows-ix86+x86_64 2.0.2 26.00 217.00 243.00 OK

Check Details

Version: 2.0.2
Check: data for non-ASCII characters
Result: NOTE
     Note: found 176 marked UTF-8 strings
Flavors: r-devel-linux-x86_64-fedora-clang, r-devel-linux-x86_64-fedora-gcc, r-devel-windows-x86_64-gcc10-UCRT, r-patched-solaris-x86, r-release-macos-arm64, r-release-macos-x86_64, r-oldrel-macos-x86_64