Last updated on 2023-10-03 01:04:54 CEST.
Flavor | Version | Tinstall | Tcheck | Ttotal | Status | Flags |
---|---|---|---|---|---|---|
r-devel-linux-x86_64-debian-clang | 2.3.2 | 7.15 | 46.59 | 53.74 | OK | |
r-devel-linux-x86_64-debian-gcc | 2.3.2 | 5.85 | 37.73 | 43.58 | OK | |
r-devel-linux-x86_64-fedora-clang | 2.3.2 | 66.11 | NOTE | |||
r-devel-linux-x86_64-fedora-gcc | 2.3.2 | 66.67 | NOTE | |||
r-devel-windows-x86_64 | 2.3.2 | 13.00 | 73.00 | 86.00 | OK | |
r-patched-linux-x86_64 | 2.3.2 | 4.85 | 47.43 | 52.28 | OK | |
r-release-linux-x86_64 | 2.3.2 | 5.98 | 47.02 | 53.00 | OK | |
r-release-macos-arm64 | 2.3.2 | 24.00 | NOTE | |||
r-release-macos-x86_64 | 2.3.2 | 37.00 | NOTE | |||
r-release-windows-x86_64 | 2.3.2 | 16.00 | 68.00 | 84.00 | OK | |
r-oldrel-macos-arm64 | 2.3.2 | 32.00 | NOTE | |||
r-oldrel-macos-x86_64 | 2.3.2 | 44.00 | NOTE | |||
r-oldrel-windows-x86_64 | 2.3.2 | 18.00 | 124.00 | 142.00 | OK |
Version: 2.3.2
Check: installed package size
Result: NOTE
installed size is 6.9Mb
sub-directories of 1Mb or more:
examples 2.9Mb
htmlwidgets 1.1Mb
www 2.7Mb
Flavors: r-devel-linux-x86_64-fedora-clang, r-release-macos-arm64, r-release-macos-x86_64, r-oldrel-macos-arm64, r-oldrel-macos-x86_64
Version: 2.3.2
Check: data for non-ASCII characters
Result: NOTE
Note: found 17 marked UTF-8 strings
Flavors: r-devel-linux-x86_64-fedora-clang, r-devel-linux-x86_64-fedora-gcc