Last updated on 2025-01-20 00:48:23 CET.
Flavor | Version | Tinstall | Tcheck | Ttotal | Status | Flags |
---|---|---|---|---|---|---|
r-devel-linux-x86_64-debian-clang | 2.1.1 | 27.30 | 27.80 | 55.10 | OK | |
r-devel-linux-x86_64-debian-gcc | 2.1.1 | 20.61 | 21.11 | 41.72 | OK | |
r-devel-linux-x86_64-fedora-clang | 2.1.1 | 91.04 | OK | |||
r-devel-linux-x86_64-fedora-gcc | 2.1.1 | 104.21 | OK | |||
r-devel-windows-x86_64 | 2.1.1 | 26.00 | 67.00 | 93.00 | OK | |
r-patched-linux-x86_64 | 2.1.1 | 29.80 | 26.68 | 56.48 | OK | |
r-release-linux-x86_64 | 2.1.1 | 28.70 | 27.09 | 55.79 | OK | |
r-release-macos-arm64 | 2.1.1 | 29.00 | NOTE | |||
r-release-macos-x86_64 | 2.1.1 | 50.00 | NOTE | |||
r-release-windows-x86_64 | 2.1.1 | 29.00 | 70.00 | 99.00 | OK | |
r-oldrel-macos-arm64 | 2.1.1 | 32.00 | NOTE | |||
r-oldrel-macos-x86_64 | 2.1.1 | 47.00 | NOTE | |||
r-oldrel-windows-x86_64 | 2.1.1 | 30.00 | 77.00 | 107.00 | OK |
Version: 2.1.1
Check: installed package size
Result: NOTE
installed size is 5.7Mb
sub-directories of 1Mb or more:
libs 4.7Mb
Flavors: r-release-macos-arm64, r-release-macos-x86_64, r-oldrel-macos-arm64, r-oldrel-macos-x86_64