CRAN Package Check Results for Package jsonify

Last updated on 2024-02-29 00:55:43 CET.

Flavor Version Tinstall Tcheck Ttotal Status Flags
r-devel-linux-x86_64-debian-clang 1.2.2 75.68 36.28 111.96 NOTE
r-devel-linux-x86_64-debian-gcc 1.2.2 64.25 28.64 92.89 NOTE
r-devel-linux-x86_64-fedora-clang 1.2.2 169.22 NOTE
r-devel-linux-x86_64-fedora-gcc 1.2.2 182.05 NOTE
r-devel-windows-x86_64 1.2.2 59.00 74.00 133.00 NOTE
r-patched-linux-x86_64 1.2.2 77.48 35.57 113.05 NOTE
r-release-linux-x86_64 1.2.2 80.81 35.25 116.06 NOTE
r-release-macos-arm64 1.2.2 55.00 NOTE
r-release-macos-x86_64 1.2.2 69.00 NOTE
r-release-windows-x86_64 1.2.2 63.00 79.00 142.00 NOTE
r-oldrel-macos-arm64 1.2.2 49.00 NOTE
r-oldrel-windows-x86_64 1.2.2 80.00 81.00 161.00 OK

Check Details

Version: 1.2.2
Check: C++ specification
Result: NOTE Specified C++11: please drop specification unless essential Flavors: r-devel-linux-x86_64-debian-clang, r-devel-linux-x86_64-debian-gcc, r-devel-linux-x86_64-fedora-clang, r-devel-linux-x86_64-fedora-gcc, r-devel-windows-x86_64, r-patched-linux-x86_64, r-release-linux-x86_64, r-release-macos-arm64, r-release-macos-x86_64, r-release-windows-x86_64

Version: 1.2.2
Check: installed package size
Result: NOTE installed size is 5.4Mb sub-directories of 1Mb or more: doc 1.2Mb libs 4.0Mb Flavors: r-release-macos-arm64, r-release-macos-x86_64, r-oldrel-macos-arm64