Last updated on 2023-09-30 00:56:09 CEST.
Flavor | Version | Tinstall | Tcheck | Ttotal | Status | Flags |
---|---|---|---|---|---|---|
r-devel-linux-x86_64-debian-clang | 0.2.6 | 6.36 | 91.40 | 97.76 | OK | |
r-devel-linux-x86_64-debian-gcc | 0.2.6 | 5.07 | 74.38 | 79.45 | OK | |
r-devel-linux-x86_64-fedora-clang | 0.2.6 | 127.63 | NOTE | |||
r-devel-linux-x86_64-fedora-gcc | 0.2.6 | 136.82 | OK | |||
r-devel-windows-x86_64 | 0.2.6 | 7.00 | 94.00 | 101.00 | OK | |
r-patched-linux-x86_64 | 0.2.6 | 4.03 | 96.08 | 100.11 | OK | |
r-release-linux-x86_64 | 0.2.6 | 3.93 | 95.92 | 99.85 | OK | |
r-release-macos-arm64 | 0.2.6 | 44.00 | OK | |||
r-release-macos-x86_64 | 0.2.6 | 82.00 | OK | |||
r-release-windows-x86_64 | 0.2.6 | 9.00 | 115.00 | 124.00 | OK | |
r-oldrel-macos-arm64 | 0.2.6 | 37.00 | OK | |||
r-oldrel-macos-x86_64 | 0.2.6 | 54.00 | OK | |||
r-oldrel-windows-x86_64 | 0.2.6 | 9.00 | 112.00 | 121.00 | OK |
Version: 0.2.6
Check: Rd cross-references
Result: NOTE
Undeclared package ‘ggplot2’ in Rd xrefs
Flavor: r-devel-linux-x86_64-fedora-clang