Last updated on 2023-12-09 00:52:42 CET.
Flavor | Version | Tinstall | Tcheck | Ttotal | Status | Flags |
---|---|---|---|---|---|---|
r-devel-linux-x86_64-debian-clang | 0.9.1 | 6.10 | 80.92 | 87.02 | OK | |
r-devel-linux-x86_64-debian-gcc | 0.9.1 | 6.21 | 60.37 | 66.58 | OK | |
r-devel-linux-x86_64-fedora-clang | 0.9.1 | 107.39 | NOTE | |||
r-devel-linux-x86_64-fedora-gcc | 0.9.1 | 116.32 | NOTE | |||
r-devel-windows-x86_64 | 0.9.1 | 9.00 | 84.00 | 93.00 | OK | |
r-patched-linux-x86_64 | 0.9.1 | 13.80 | 77.95 | 91.75 | OK | |
r-release-linux-x86_64 | 0.9.1 | 5.42 | 76.64 | 82.06 | OK | |
r-release-macos-arm64 | 0.9.1 | 50.00 | OK | |||
r-release-macos-x86_64 | 0.9.1 | 84.00 | OK | |||
r-release-windows-x86_64 | 0.9.1 | 11.00 | 99.00 | 110.00 | OK | |
r-oldrel-macos-arm64 | 0.9.1 | 41.00 | OK | |||
r-oldrel-macos-x86_64 | 0.9.1 | 47.00 | OK | |||
r-oldrel-windows-x86_64 | 0.9.1 | 13.00 | 98.00 | 111.00 | OK |
Version: 0.9.1
Check: data for non-ASCII characters
Result: NOTE
Note: found 111752 marked UTF-8 strings
Flavors: r-devel-linux-x86_64-fedora-clang, r-devel-linux-x86_64-fedora-gcc