CRAN Package Check Results for Package karel

Last updated on 2023-06-02 01:00:29 CEST.

Flavor Version Tinstall Tcheck Ttotal Status Flags
r-devel-linux-x86_64-debian-clang 0.1.1 7.26 97.23 104.49 OK
r-devel-linux-x86_64-debian-gcc 0.1.1 5.56 74.33 79.89 OK
r-devel-linux-x86_64-fedora-clang 0.1.1 134.80 NOTE
r-devel-linux-x86_64-fedora-gcc 0.1.1 137.26 NOTE
r-devel-windows-x86_64 0.1.1 9.00 89.00 98.00 OK
r-patched-linux-x86_64 0.1.1 OK
r-release-linux-x86_64 0.1.1 4.46 92.42 96.88 OK
r-release-macos-arm64 0.1.1 51.00 OK
r-release-macos-x86_64 0.1.1 84.00 OK
r-release-windows-x86_64 0.1.1 10.00 107.00 117.00 OK
r-oldrel-macos-arm64 0.1.1 46.00 NOTE
r-oldrel-macos-x86_64 0.1.1 86.00 NOTE
r-oldrel-windows-x86_64 0.1.1 10.00 105.00 115.00 OK

Check Details

Version: 0.1.1
Check: dependencies in R code
Result: NOTE
    Namespace in Imports field not imported from: ‘gifski’
     All declared Imports should be used.
Flavors: r-devel-linux-x86_64-fedora-clang, r-devel-linux-x86_64-fedora-gcc, r-oldrel-macos-arm64, r-oldrel-macos-x86_64