CRAN Package Check Results for Package karel

Last updated on 2024-06-14 00:53:46 CEST.

Flavor Version Tinstall Tcheck Ttotal Status Flags
r-devel-linux-x86_64-debian-clang 0.1.1 8.06 104.15 112.21 OK
r-devel-linux-x86_64-debian-gcc 0.1.1 0.86 1.90 2.76 ERROR
r-devel-linux-x86_64-fedora-clang 0.1.1 138.37 NOTE
r-devel-linux-x86_64-fedora-gcc 0.1.1 146.35 NOTE
r-devel-windows-x86_64 0.1.1 7.00 92.00 99.00 OK
r-patched-linux-x86_64 0.1.1 6.76 99.23 105.99 OK
r-release-linux-x86_64 0.1.1 4.66 100.79 105.45 OK
r-release-macos-arm64 0.1.1 54.00 OK
r-release-macos-x86_64 0.1.1 87.00 OK
r-release-windows-x86_64 0.1.1 9.00 95.00 104.00 OK
r-oldrel-macos-arm64 0.1.1 51.00 OK
r-oldrel-macos-x86_64 0.1.1 84.00 OK
r-oldrel-windows-x86_64 0.1.1 9.00 106.00 115.00 OK

Check Details

Version: 0.1.1
Check: package dependencies
Result: ERROR Packages required but not available: 'purrr', 'dplyr', 'tidyr', 'ggplot2', 'gganimate' Package suggested but not available for checking: ‘testthat’ See section ‘The DESCRIPTION file’ in the ‘Writing R Extensions’ manual. Flavor: r-devel-linux-x86_64-debian-gcc

Version: 0.1.1
Check: dependencies in R code
Result: NOTE Namespace in Imports field not imported from: ‘gifski’ All declared Imports should be used. Flavors: r-devel-linux-x86_64-fedora-clang, r-devel-linux-x86_64-fedora-gcc