Last updated on 2023-03-30 00:51:57 CEST.
Flavor | Version | Tinstall | Tcheck | Ttotal | Status | Flags |
---|---|---|---|---|---|---|
r-devel-linux-x86_64-debian-clang | 0.1.0.5 | 12.83 | 129.86 | 142.69 | OK | |
r-devel-linux-x86_64-debian-gcc | 0.1.0.5 | 10.67 | 98.48 | 109.15 | OK | |
r-devel-linux-x86_64-fedora-clang | 0.1.0.5 | 176.59 | NOTE | |||
r-devel-linux-x86_64-fedora-gcc | 0.1.0.5 | 187.45 | NOTE | |||
r-devel-windows-x86_64 | 0.1.0.5 | 37.00 | 0.00 | 37.00 | OK | |
r-patched-linux-x86_64 | 0.1.0.5 | 12.96 | 121.20 | 134.16 | OK | |
r-release-linux-x86_64 | 0.1.0.5 | 9.15 | 119.90 | 129.05 | OK | |
r-release-macos-arm64 | 0.1.0.5 | 51.00 | NOTE | |||
r-release-macos-x86_64 | 0.1.0.5 | 86.00 | NOTE | |||
r-release-windows-x86_64 | 0.1.0.5 | 33.00 | 163.00 | 196.00 | OK | |
r-oldrel-macos-arm64 | 0.1.0.5 | 40.00 | NOTE | |||
r-oldrel-macos-x86_64 | 0.1.0.5 | 67.00 | NOTE | |||
r-oldrel-windows-ix86+x86_64 | 0.1.0.5 | 34.00 | 158.00 | 192.00 | OK |
Version: 0.1.0.5
Check: dependencies in R code
Result: NOTE
Namespace in Imports field not imported from: ‘keras’
All declared Imports should be used.
Flavors: r-devel-linux-x86_64-fedora-clang, r-devel-linux-x86_64-fedora-gcc, r-release-macos-arm64, r-release-macos-x86_64, r-oldrel-macos-arm64, r-oldrel-macos-x86_64