CRAN Package Check Results for Package kernelboot

Last updated on 2021-10-24 00:51:01 CEST.

Flavor Version Tinstall Tcheck Ttotal Status Flags
r-devel-linux-x86_64-debian-clang 0.1.7 34.64 49.51 84.15 NOTE
r-devel-linux-x86_64-debian-gcc 0.1.7 21.11 38.15 59.26 NOTE
r-devel-linux-x86_64-fedora-clang 0.1.7 126.04 NOTE
r-devel-linux-x86_64-fedora-gcc 0.1.7 103.63 NOTE
r-devel-windows-x86_64 0.1.7 44.00 87.00 131.00 NOTE
r-devel-windows-x86_64-gcc10-UCRT 0.1.7 NOTE
r-patched-linux-x86_64 0.1.7 28.81 47.71 76.52 NOTE
r-patched-solaris-x86 0.1.7 123.90 NOTE
r-release-linux-x86_64 0.1.7 25.59 48.26 73.85 NOTE
r-release-macos-arm64 0.1.7 NOTE
r-release-macos-x86_64 0.1.7 NOTE
r-release-windows-ix86+x86_64 0.1.7 55.00 128.00 183.00 NOTE
r-oldrel-macos-x86_64 0.1.7 OK
r-oldrel-windows-ix86+x86_64 0.1.7 86.00 144.00 230.00 OK

Additional issues

clang-UBSAN

Check Details

Version: 0.1.7
Check: LazyData
Result: NOTE
     'LazyData' is specified without a 'data' directory
Flavors: r-devel-linux-x86_64-debian-clang, r-devel-linux-x86_64-debian-gcc, r-devel-linux-x86_64-fedora-clang, r-devel-linux-x86_64-fedora-gcc, r-devel-windows-x86_64, r-devel-windows-x86_64-gcc10-UCRT, r-patched-linux-x86_64, r-patched-solaris-x86, r-release-linux-x86_64, r-release-macos-arm64, r-release-macos-x86_64, r-release-windows-ix86+x86_64