CRAN Package Check Results for Package kindisperse

Last updated on 2024-03-03 01:00:47 CET.

Flavor Version Tinstall Tcheck Ttotal Status Flags
r-devel-linux-x86_64-debian-clang 0.10.2 14.36 142.69 157.05 NOTE
r-devel-linux-x86_64-debian-gcc 0.10.2 10.01 104.38 114.39 NOTE
r-devel-linux-x86_64-fedora-clang 0.10.2 192.43 NOTE
r-devel-linux-x86_64-fedora-gcc 0.10.2 203.63 NOTE
r-devel-windows-x86_64 0.10.2 14.00 138.00 152.00 OK
r-patched-linux-x86_64 0.10.2 12.30 129.41 141.71 OK
r-release-linux-x86_64 0.10.2 10.17 136.53 146.70 OK
r-release-macos-arm64 0.10.2 54.00 OK
r-release-macos-x86_64 0.10.2 78.00 OK
r-release-windows-x86_64 0.10.2 24.00 171.00 195.00 OK
r-oldrel-macos-arm64 0.10.2 52.00 NOTE
r-oldrel-windows-x86_64 0.10.2 21.00 163.00 184.00 OK

Check Details

Version: 0.10.2
Check: Rd files
Result: NOTE checkRd: (-1) mount_appdata.Rd:10: Lost braces; missing escapes or markup? 10 | \item{x}{An object of class \code{KinPairData} or {KinPairSimulation}} | ^ Flavors: r-devel-linux-x86_64-debian-clang, r-devel-linux-x86_64-debian-gcc, r-devel-linux-x86_64-fedora-clang, r-devel-linux-x86_64-fedora-gcc

Version: 0.10.2
Check: dependencies in R code
Result: NOTE Namespaces in Imports field not imported from: ‘fitdistrplus’ ‘plotly’ All declared Imports should be used. Flavors: r-devel-linux-x86_64-fedora-clang, r-devel-linux-x86_64-fedora-gcc, r-oldrel-macos-arm64