CRAN Package Check Results for Package kmc

Last updated on 2024-07-20 00:56:52 CEST.

Flavor Version Tinstall Tcheck Ttotal Status Flags
r-devel-linux-x86_64-debian-clang 0.4-2 33.34 81.46 114.80 NOTE
r-devel-linux-x86_64-debian-gcc 0.4-2 16.52 62.42 78.94 NOTE
r-devel-linux-x86_64-fedora-clang 0.4-2 144.86 NOTE
r-devel-linux-x86_64-fedora-gcc 0.4-2 141.26 NOTE
r-devel-windows-x86_64 0.4-2 24.00 90.00 114.00 NOTE
r-patched-linux-x86_64 0.4-2 23.89 78.28 102.17 NOTE
r-release-linux-x86_64 0.4-2 25.32 80.17 105.49 NOTE
r-release-macos-arm64 0.4-2 35.00 NOTE
r-release-macos-x86_64 0.4-2 63.00 NOTE
r-release-windows-x86_64 0.4-2 27.00 94.00 121.00 NOTE
r-oldrel-macos-arm64 0.4-2 35.00 OK
r-oldrel-macos-x86_64 0.4-2 71.00 OK
r-oldrel-windows-x86_64 0.4-2 35.00 112.00 147.00 OK

Check Details

Version: 0.4-2
Check: Rd files
Result: NOTE checkRd: (-1) plotkmc.Rd:21: Lost braces; missing escapes or markup? 21 | list of two functions,flist=list( f1=function( x ) { x } ,f2=function( x ) { x^2 } ) | ^ checkRd: (-1) plotkmc.Rd:21: Lost braces; missing escapes or markup? 21 | list of two functions,flist=list( f1=function( x ) { x } ,f2=function( x ) { x^2 } ) | ^ Flavors: r-devel-linux-x86_64-debian-clang, r-devel-linux-x86_64-debian-gcc, r-devel-linux-x86_64-fedora-clang, r-devel-linux-x86_64-fedora-gcc, r-devel-windows-x86_64, r-patched-linux-x86_64, r-release-linux-x86_64, r-release-macos-arm64, r-release-macos-x86_64, r-release-windows-x86_64