CRAN Package Check Results for Package kml3d

Last updated on 2024-07-24 00:53:53 CEST.

Flavor Version Tinstall Tcheck Ttotal Status Flags
r-devel-linux-x86_64-debian-clang 2.4.6.1 10.59 69.36 79.95 OK
r-devel-linux-x86_64-debian-gcc 2.4.6.1 7.00 52.32 59.32 NOTE
r-devel-linux-x86_64-fedora-clang 2.4.6.1 102.06 OK
r-devel-linux-x86_64-fedora-gcc 2.4.6.1 96.90 OK
r-devel-windows-x86_64 2.4.6.1 10.00 74.00 84.00 NOTE
r-patched-linux-x86_64 2.4.6.1 17.87 65.52 83.39 OK
r-release-linux-x86_64 2.4.6.1 6.47 64.87 71.34 OK
r-release-macos-arm64 2.4.6.1 43.00 OK
r-release-macos-x86_64 2.4.6.1 50.00 OK
r-release-windows-x86_64 2.4.6.1 10.00 70.00 80.00 OK
r-oldrel-macos-arm64 2.4.6.1 42.00 OK
r-oldrel-macos-x86_64 2.4.6.1 64.00 OK
r-oldrel-windows-x86_64 2.4.6.1 11.00 77.00 88.00 OK

Check Details

Version: 2.4.6.1
Check: Rd cross-references
Result: NOTE Found the following Rd file(s) with Rd \link{} targets missing package anchors: ClusterLongData3d-class.Rd: Partition-class, plotCriterion, LongData3d-class, ListPartition-class clusterLongData3d.Rd: ClusterLongData-class generateArtificialLongData3d.Rd: ClusterLongData-class, generateArtificialLongData kml3d-package.Rd: Partition-class, choice, saveTrianglesAsASY kml3d.Rd: Partition-class, plot,ClusterLongData, ParKml-class, ordered,ListPartition, choice parKml3d.Rd: ParKml-class, imputation, restoreRealData, kml plot.Rd: Partition-class, ParLongData-class, plotTraj, plotCriterion plot3d.Rd: Partition-class, ParLongData-class plot3dPdf.Rd: Partition-class, ClusterLongData-class, saveTrianglesAsASY, makeLatexFile plotMean3d.Rd: Partition-class, ParLongData-class plotTraj3d.Rd: Partition-class, ParLongData-class Please provide package anchors for all Rd \link{} targets not in the package itself and the base packages. Flavors: r-devel-linux-x86_64-debian-gcc, r-devel-windows-x86_64