CRAN Package Check Results for Package kml3d

Last updated on 2021-10-20 00:49:43 CEST.

Flavor Version Tinstall Tcheck Ttotal Status Flags
r-devel-linux-x86_64-debian-clang 2.4.2 9.48 62.42 71.90 NOTE
r-devel-linux-x86_64-debian-gcc 2.4.2 6.75 48.65 55.40 NOTE
r-devel-linux-x86_64-fedora-clang 2.4.2 97.79 NOTE
r-devel-linux-x86_64-fedora-gcc 2.4.2 86.53 NOTE
r-devel-windows-x86_64 2.4.2 14.00 69.00 83.00 OK
r-devel-windows-x86_64-gcc10-UCRT 2.4.2 OK
r-patched-linux-x86_64 2.4.2 14.07 60.62 74.69 NOTE
r-patched-solaris-x86 2.4.2 119.30 NOTE
r-release-linux-x86_64 2.4.2 8.91 61.30 70.21 NOTE
r-release-macos-arm64 2.4.2 OK
r-release-macos-x86_64 2.4.2 OK
r-release-windows-ix86+x86_64 2.4.2 13.00 79.00 92.00 OK
r-oldrel-macos-x86_64 2.4.2 OK
r-oldrel-windows-ix86+x86_64 2.4.2 19.00 82.00 101.00 OK

Check Details

Version: 2.4.2
Check: for non-standard things in the check directory
Result: NOTE
    Found the following files/directories:
     'cld1.Rdata' 'main.tex' 'myCld.Rdata' 'myCld3d.Rdata' 'scene.asy'
Flavors: r-devel-linux-x86_64-debian-clang, r-devel-linux-x86_64-debian-gcc, r-devel-linux-x86_64-fedora-clang, r-devel-linux-x86_64-fedora-gcc, r-patched-linux-x86_64, r-patched-solaris-x86, r-release-linux-x86_64