CRAN Package Check Results for Package knitrBootstrap

Last updated on 2021-10-21 00:49:49 CEST.

Flavor Version Tinstall Tcheck Ttotal Status Flags
r-devel-linux-x86_64-debian-clang 1.0.2 3.37 46.19 49.56 OK
r-devel-linux-x86_64-debian-gcc 1.0.2 2.50 36.07 38.57 OK
r-devel-linux-x86_64-fedora-clang 1.0.2 69.42 OK
r-devel-linux-x86_64-fedora-gcc 1.0.2 57.78 OK
r-devel-windows-x86_64 1.0.2 5.00 76.00 81.00 OK
r-devel-windows-x86_64-gcc10-UCRT 1.0.2 NOTE
r-patched-linux-x86_64 1.0.2 5.92 47.98 53.90 OK
r-patched-solaris-x86 1.0.2 87.30 OK
r-release-linux-x86_64 1.0.2 2.79 48.98 51.77 OK
r-release-macos-arm64 1.0.2 OK
r-release-macos-x86_64 1.0.2 OK
r-release-windows-ix86+x86_64 1.0.2 6.00 69.00 75.00 OK
r-oldrel-macos-x86_64 1.0.2 OK
r-oldrel-windows-ix86+x86_64 1.0.2 7.00 86.00 93.00 OK

Check Details

Version: 1.0.2
Check: package dependencies
Result: NOTE
    Package suggested but not available for checking: 'igraph'
Flavor: r-devel-windows-x86_64-gcc10-UCRT