CRAN Package Check Results for Package knockoff

Last updated on 2024-06-14 00:53:46 CEST.

Flavor Version Tinstall Tcheck Ttotal Status Flags
r-devel-linux-x86_64-debian-clang 0.3.6 4.04 149.07 153.11 NOTE
r-devel-linux-x86_64-debian-gcc 0.3.6 2.17 102.05 104.22 ERROR
r-devel-linux-x86_64-fedora-clang 0.3.6 190.27 NOTE
r-devel-linux-x86_64-fedora-gcc 0.3.6 208.01 NOTE
r-devel-windows-x86_64 0.3.6 4.00 181.00 185.00 NOTE
r-patched-linux-x86_64 0.3.6 5.06 147.44 152.50 NOTE
r-release-linux-x86_64 0.3.6 3.69 150.93 154.62 NOTE
r-release-macos-arm64 0.3.6 68.00 NOTE
r-release-macos-x86_64 0.3.6 105.00 NOTE
r-release-windows-x86_64 0.3.6 4.00 181.00 185.00 NOTE
r-oldrel-macos-arm64 0.3.6 71.00 OK
r-oldrel-macos-x86_64 0.3.6 115.00 OK
r-oldrel-windows-x86_64 0.3.6 5.00 212.00 217.00 OK

Check Details

Version: 0.3.6
Check: Rd files
Result: NOTE checkRd: (-1) knockoff.Rd:22-24: Lost braces in \itemize; meant \describe ? checkRd: (-1) knockoff.Rd:25-27: Lost braces in \itemize; meant \describe ? Flavors: r-devel-linux-x86_64-debian-clang, r-devel-linux-x86_64-debian-gcc, r-devel-linux-x86_64-fedora-clang, r-devel-linux-x86_64-fedora-gcc, r-devel-windows-x86_64, r-patched-linux-x86_64, r-release-linux-x86_64, r-release-macos-arm64, r-release-macos-x86_64, r-release-windows-x86_64

Version: 0.3.6
Check: package dependencies
Result: NOTE Package suggested but not available for checking: ‘testthat’ Flavor: r-devel-linux-x86_64-debian-gcc

Version: 0.3.6
Check: tests
Result: ERROR Running ‘testthat.R’ [0s/0s] Running the tests in ‘tests/testthat.R’ failed. Complete output: > library(testthat) Error in library(testthat) : there is no package called 'testthat' Execution halted Flavor: r-devel-linux-x86_64-debian-gcc