CRAN Package Check Results for Package kokudosuuchi

Last updated on 2021-10-27 00:51:08 CEST.

Flavor Version Tinstall Tcheck Ttotal Status Flags
r-devel-linux-x86_64-debian-clang 1.0.0 3.25 27.94 31.19 NOTE
r-devel-linux-x86_64-debian-gcc 1.0.0 2.61 22.11 24.72 NOTE
r-devel-linux-x86_64-fedora-clang 1.0.0 47.62 NOTE
r-devel-linux-x86_64-fedora-gcc 1.0.0 37.12 NOTE
r-devel-windows-x86_64 1.0.0 6.00 44.00 50.00 NOTE
r-devel-windows-x86_64-gcc10-UCRT 1.0.0 NOTE
r-patched-linux-x86_64 1.0.0 3.04 27.04 30.08 NOTE
r-patched-solaris-x86 1.0.0 58.90 NOTE
r-release-linux-x86_64 1.0.0 2.86 26.58 29.44 NOTE
r-release-macos-arm64 1.0.0 NOTE
r-release-macos-x86_64 1.0.0 NOTE
r-release-windows-ix86+x86_64 1.0.0 6.00 43.00 49.00 NOTE
r-oldrel-macos-x86_64 1.0.0 OK
r-oldrel-windows-ix86+x86_64 1.0.0 7.00 52.00 59.00 OK

Check Details

Version: 1.0.0
Check: LazyData
Result: NOTE
     'LazyData' is specified without a 'data' directory
Flavors: r-devel-linux-x86_64-debian-clang, r-devel-linux-x86_64-debian-gcc, r-devel-linux-x86_64-fedora-clang, r-devel-linux-x86_64-fedora-gcc, r-devel-windows-x86_64, r-devel-windows-x86_64-gcc10-UCRT, r-patched-linux-x86_64, r-patched-solaris-x86, r-release-linux-x86_64, r-release-macos-arm64, r-release-macos-x86_64, r-release-windows-ix86+x86_64