CRAN Package Check Results for Package kokudosuuchi

Last updated on 2025-01-20 00:48:23 CET.

Flavor Version Tinstall Tcheck Ttotal Status Flags
r-devel-linux-x86_64-debian-clang 1.0.0 3.24 27.08 30.32 OK
r-devel-linux-x86_64-debian-gcc 1.0.0 2.46 21.23 23.69 OK
r-devel-linux-x86_64-fedora-clang 1.0.0 48.82 OK
r-devel-linux-x86_64-fedora-gcc 1.0.0 47.85 OK
r-devel-windows-x86_64 1.0.0 5.00 48.00 53.00 OK
r-patched-linux-x86_64 1.0.0 3.25 25.90 29.15 NOTE
r-release-linux-x86_64 1.0.0 3.12 26.01 29.13 NOTE
r-release-macos-arm64 1.0.0 20.00 NOTE
r-release-macos-x86_64 1.0.0 27.00 NOTE
r-release-windows-x86_64 1.0.0 5.00 57.00 62.00 NOTE
r-oldrel-macos-arm64 1.0.0 19.00 NOTE
r-oldrel-macos-x86_64 1.0.0 28.00 NOTE
r-oldrel-windows-x86_64 1.0.0 6.00 53.00 59.00 NOTE

Check Details

Version: 1.0.0
Check: LazyData
Result: NOTE 'LazyData' is specified without a 'data' directory Flavors: r-patched-linux-x86_64, r-release-linux-x86_64, r-release-macos-arm64, r-release-macos-x86_64, r-release-windows-x86_64, r-oldrel-macos-arm64, r-oldrel-macos-x86_64, r-oldrel-windows-x86_64