CRAN Package Check Results for Package kriging

Last updated on 2023-10-04 00:58:27 CEST.

Flavor Version Tinstall Tcheck Ttotal Status Flags
r-devel-linux-x86_64-debian-clang 1.2 3.36 22.43 25.79 OK
r-devel-linux-x86_64-debian-gcc 1.2 2.44 17.89 20.33 OK
r-devel-linux-x86_64-fedora-clang 1.2 32.64 NOTE
r-devel-linux-x86_64-fedora-gcc 1.2 32.24 NOTE
r-devel-windows-x86_64 1.2 7.00 43.00 50.00 OK
r-patched-linux-x86_64 1.2 2.83 22.35 25.18 OK
r-release-linux-x86_64 1.2 3.01 22.32 25.33 OK
r-release-macos-arm64 1.2 18.00 OK
r-release-macos-x86_64 1.2 21.00 OK
r-release-windows-x86_64 1.2 7.00 42.00 49.00 OK
r-oldrel-macos-arm64 1.2 18.00 OK
r-oldrel-macos-x86_64 1.2 21.00 OK
r-oldrel-windows-x86_64 1.2 7.00 44.00 51.00 OK

Check Details

Version: 1.2
Check: compiled code
Result: NOTE
    File ‘kriging/libs/kriging.so’:
     Found no calls to: ‘R_registerRoutines’, ‘R_useDynamicSymbols’
    
    It is good practice to register native routines and to disable symbol
    search.
    
    See ‘Writing portable packages’ in the ‘Writing R Extensions’ manual.
Flavors: r-devel-linux-x86_64-fedora-clang, r-devel-linux-x86_64-fedora-gcc