CRAN Package Check Results for Package kzfs

Last updated on 2022-01-24 00:47:38 CET.

Flavor Version Tinstall Tcheck Ttotal Status Flags
r-devel-linux-x86_64-debian-clang 1.5.0.2 9.23 67.93 77.16 OK
r-devel-linux-x86_64-debian-gcc 1.5.0.2 6.91 55.88 62.79 OK
r-devel-linux-x86_64-fedora-clang 1.5.0.2 94.23 NOTE
r-devel-linux-x86_64-fedora-gcc 1.5.0.2 79.98 OK
r-devel-windows-x86_64-new-UL 1.5.0.2 26.00 82.00 108.00 OK
r-devel-windows-x86_64-new-TK 1.5.0.2 OK
r-patched-linux-x86_64 1.5.0.2 8.03 65.76 73.79 OK
r-release-linux-x86_64 1.5.0.2 7.80 66.70 74.50 OK
r-release-macos-arm64 1.5.0.2 OK
r-release-macos-x86_64 1.5.0.2 OK
r-release-windows-ix86+x86_64 1.5.0.2 16.00 100.00 116.00 OK
r-oldrel-macos-x86_64 1.5.0.2 OK
r-oldrel-windows-ix86+x86_64 1.5.0.2 17.00 104.00 121.00 OK

Check Details

Version: 1.5.0.2
Check: Rd cross-references
Result: NOTE
    Undeclared package ‘kza’ in Rd xrefs
Flavor: r-devel-linux-x86_64-fedora-clang