Last updated on 2023-10-01 00:54:31 CEST.
Flavor | Version | Tinstall | Tcheck | Ttotal | Status | Flags |
---|---|---|---|---|---|---|
r-devel-linux-x86_64-debian-clang | 1.0.5 | 5.00 | 44.33 | 49.33 | OK | |
r-devel-linux-x86_64-debian-gcc | 1.0.5 | 4.07 | 35.60 | 39.67 | OK | |
r-devel-linux-x86_64-fedora-clang | 1.0.5 | 69.34 | NOTE | |||
r-devel-linux-x86_64-fedora-gcc | 1.0.5 | 79.05 | NOTE | |||
r-devel-windows-x86_64 | 1.0.5 | 5.00 | 62.00 | 67.00 | OK | |
r-patched-linux-x86_64 | 1.0.5 | 2.83 | 44.80 | 47.63 | OK | |
r-release-linux-x86_64 | 1.0.5 | 3.11 | 45.60 | 48.71 | OK | |
r-release-macos-arm64 | 1.0.5 | 28.00 | OK | |||
r-release-macos-x86_64 | 1.0.5 | 37.00 | OK | |||
r-release-windows-x86_64 | 1.0.5 | 8.00 | 62.00 | 70.00 | OK | |
r-oldrel-macos-arm64 | 1.0.5 | 30.00 | NOTE | |||
r-oldrel-macos-x86_64 | 1.0.5 | 37.00 | NOTE | |||
r-oldrel-windows-x86_64 | 1.0.5 | 8.00 | 65.00 | 73.00 | OK |
Version: 1.0.5
Check: dependencies in R code
Result: NOTE
Namespace in Imports field not imported from: ‘stringr’
All declared Imports should be used.
Flavors: r-devel-linux-x86_64-fedora-clang, r-devel-linux-x86_64-fedora-gcc, r-oldrel-macos-arm64, r-oldrel-macos-x86_64