CRAN Package Check Results for Package languageserver

Last updated on 2021-10-23 00:48:58 CEST.

Flavor Version Tinstall Tcheck Ttotal Status Flags
r-devel-linux-x86_64-debian-clang 0.3.11 21.93 43.93 65.86 OK
r-devel-linux-x86_64-debian-gcc 0.3.12 16.47 34.71 51.18 OK
r-devel-linux-x86_64-fedora-clang 0.3.12 96.50 NOTE
r-devel-linux-x86_64-fedora-gcc 0.3.12 83.84 NOTE
r-devel-windows-x86_64 0.3.11 34.00 62.00 96.00 OK
r-devel-windows-x86_64-gcc10-UCRT 0.3.11 NOTE
r-patched-linux-x86_64 0.3.12 17.97 43.17 61.14 OK
r-patched-solaris-x86 0.3.12 105.70 NOTE
r-release-linux-x86_64 0.3.12 17.37 44.29 61.66 OK
r-release-macos-arm64 0.3.11 NOTE
r-release-macos-x86_64 0.3.12 NOTE
r-release-windows-ix86+x86_64 0.3.11 24.00 70.00 94.00 OK
r-oldrel-macos-x86_64 0.3.12 NOTE
r-oldrel-windows-ix86+x86_64 0.3.12 29.00 56.00 85.00 OK

Check Details

Version: 0.3.12
Check: dependencies in R code
Result: NOTE
    Namespaces in Imports field not imported from:
     ‘callr’ ‘parallel’
     All declared Imports should be used.
Flavors: r-devel-linux-x86_64-fedora-clang, r-devel-linux-x86_64-fedora-gcc, r-patched-solaris-x86, r-release-macos-x86_64, r-oldrel-macos-x86_64

Version: 0.3.11
Check: dependencies in R code
Result: NOTE
    Namespaces in Imports field not imported from:
     'callr' 'desc' 'parallel' 'repr'
     All declared Imports should be used.
Flavors: r-devel-windows-x86_64-gcc10-UCRT, r-release-macos-arm64