CRAN Package Check Results for Package lassoshooting

Last updated on 2024-04-23 01:06:16 CEST.

Flavor Version Tinstall Tcheck Ttotal Status Flags
r-devel-linux-x86_64-debian-clang 0.1.5-1.1 2.86 19.86 22.72 OK
r-devel-linux-x86_64-debian-gcc 0.1.5-1.1 2.63 16.01 18.64 OK
r-devel-linux-x86_64-fedora-clang 0.1.5-1.1 29.91 NOTE
r-devel-linux-x86_64-fedora-gcc 0.1.5-1.1 29.05 NOTE
r-prerel-macos-arm64 0.1.5-1.1 15.00 OK
r-prerel-windows-x86_64 0.1.5-1.1 6.00 38.00 44.00 OK
r-patched-linux-x86_64 0.1.5-1.1 3.19 19.93 23.12 OK
r-release-linux-x86_64 0.1.5-1.1 3.32 19.37 22.69 OK
r-release-macos-arm64 0.1.5-1.1 14.00 OK
r-release-macos-x86_64 0.1.5-1.1 22.00 OK
r-release-windows-x86_64 0.1.5-1.1 5.00 38.00 43.00 OK
r-oldrel-macos-arm64 0.1.5-1.1 15.00 OK
r-oldrel-windows-x86_64 0.1.5-1.1 8.00 44.00 52.00 OK

Check Details

Version: 0.1.5-1.1
Check: compiled code
Result: NOTE File ‘lassoshooting/libs/lassoshooting.so’: Found no calls to: ‘R_registerRoutines’, ‘R_useDynamicSymbols’ It is good practice to register native routines and to disable symbol search. See ‘Writing portable packages’ in the ‘Writing R Extensions’ manual. Flavors: r-devel-linux-x86_64-fedora-clang, r-devel-linux-x86_64-fedora-gcc