CRAN Package Check Results for Package latentcor

Last updated on 2024-07-20 00:56:52 CEST.

Flavor Version Tinstall Tcheck Ttotal Status Flags
r-devel-linux-x86_64-debian-clang 2.0.1 37.55 197.12 234.67 NOTE
r-devel-linux-x86_64-debian-gcc 2.0.1 28.19 145.90 174.09 NOTE
r-devel-linux-x86_64-fedora-clang 2.0.1 294.40 NOTE
r-devel-linux-x86_64-fedora-gcc 2.0.1 287.65 NOTE
r-devel-windows-x86_64 2.0.1 33.00 155.00 188.00 NOTE
r-patched-linux-x86_64 2.0.1 34.34 191.35 225.69 NOTE
r-release-linux-x86_64 2.0.1 22.53 185.25 207.78 NOTE
r-release-macos-arm64 2.0.1 93.00 NOTE
r-release-macos-x86_64 2.0.1 137.00 NOTE
r-release-windows-x86_64 2.0.1 29.00 162.00 191.00 NOTE
r-oldrel-macos-arm64 2.0.1 102.00 OK
r-oldrel-macos-x86_64 2.0.1 158.00 OK
r-oldrel-windows-x86_64 2.0.1 43.00 198.00 241.00 OK

Check Details

Version: 2.0.1
Check: Rd files
Result: NOTE checkRd: (-1) evaluation.Rd:38: Lost braces in \itemize; \value handles \item{}{} directly checkRd: (-1) evaluation.Rd:39: Lost braces in \itemize; \value handles \item{}{} directly checkRd: (-1) evaluation.Rd:40: Lost braces in \itemize; \value handles \item{}{} directly checkRd: (-1) evaluation.Rd:41: Lost braces in \itemize; \value handles \item{}{} directly checkRd: (-1) evaluation.Rd:42: Lost braces in \itemize; \value handles \item{}{} directly checkRd: (-1) evaluation.Rd:43: Lost braces in \itemize; \value handles \item{}{} directly checkRd: (-1) evaluation.Rd:44: Lost braces in \itemize; \value handles \item{}{} directly checkRd: (-1) evaluation.Rd:45: Lost braces in \itemize; \value handles \item{}{} directly checkRd: (-1) evaluation.Rd:46: Lost braces in \itemize; \value handles \item{}{} directly checkRd: (-1) evaluation.Rd:47: Lost braces in \itemize; \value handles \item{}{} directly checkRd: (-1) evaluation.Rd:48: Lost braces in \itemize; \value handles \item{}{} directly checkRd: (-1) evaluation.Rd:49: Lost braces in \itemize; \value handles \item{}{} directly checkRd: (-1) evaluation.Rd:50: Lost braces in \itemize; \value handles \item{}{} directly checkRd: (-1) evaluation.Rd:51: Lost braces in \itemize; \value handles \item{}{} directly checkRd: (-1) evaluation.Rd:52: Lost braces in \itemize; \value handles \item{}{} directly checkRd: (-1) evaluation.Rd:53: Lost braces in \itemize; \value handles \item{}{} directly checkRd: (-1) evaluation.Rd:54: Lost braces in \itemize; \value handles \item{}{} directly checkRd: (-1) evaluation.Rd:55: Lost braces in \itemize; \value handles \item{}{} directly checkRd: (-1) evaluation.Rd:56: Lost braces in \itemize; \value handles \item{}{} directly checkRd: (-1) evaluation.Rd:57: Lost braces in \itemize; \value handles \item{}{} directly checkRd: (-1) evaluation.Rd:58: Lost braces in \itemize; \value handles \item{}{} directly checkRd: (-1) evaluation.Rd:59: Lost braces in \itemize; \value handles \item{}{} directly checkRd: (-1) gen_data.Rd:35: Lost braces in \itemize; \value handles \item{}{} directly checkRd: (-1) gen_data.Rd:36-37: Lost braces in \itemize; \value handles \item{}{} directly checkRd: (-1) get_types.Rd:17: Lost braces in \itemize; \value handles \item{}{} directly checkRd: (-1) interpolation.Rd:23: Lost braces in \itemize; \value handles \item{}{} directly checkRd: (-1) interpolation.Rd:24: Lost braces in \itemize; \value handles \item{}{} directly checkRd: (-1) latentcor.Rd:38: Lost braces in \itemize; \value handles \item{}{} directly checkRd: (-1) latentcor.Rd:39: Lost braces in \itemize; \value handles \item{}{} directly checkRd: (-1) latentcor.Rd:40: Lost braces in \itemize; \value handles \item{}{} directly checkRd: (-1) latentcor.Rd:41: Lost braces in \itemize; \value handles \item{}{} directly checkRd: (-1) latentcor.Rd:42: Lost braces in \itemize; \value handles \item{}{} directly Flavors: r-devel-linux-x86_64-debian-clang, r-devel-linux-x86_64-debian-gcc, r-devel-linux-x86_64-fedora-clang, r-devel-linux-x86_64-fedora-gcc, r-devel-windows-x86_64, r-patched-linux-x86_64, r-release-linux-x86_64, r-release-macos-arm64, r-release-macos-x86_64, r-release-windows-x86_64

Version: 2.0.1
Check: Rd cross-references
Result: NOTE Found the following Rd file(s) with Rd \link{} targets missing package anchors: latentcor.Rd: nearPD Please provide package anchors for all Rd \link{} targets not in the package itself and the base packages. Flavor: r-devel-windows-x86_64