CRAN Package Check Results for Package latrend

Last updated on 2021-10-22 00:50:30 CEST.

Flavor Version Tinstall Tcheck Ttotal Status Flags
r-devel-linux-x86_64-debian-clang 1.1.2 34.03 555.21 589.24 OK
r-devel-linux-x86_64-debian-gcc 1.1.2 28.64 352.97 381.61 OK
r-devel-linux-x86_64-fedora-clang 1.1.2 673.03 OK
r-devel-linux-x86_64-fedora-gcc 1.1.2 597.93 OK
r-devel-windows-x86_64 1.1.2 48.00 508.00 556.00 OK
r-devel-windows-x86_64-gcc10-UCRT 1.1.2 NOTE
r-patched-linux-x86_64 1.1.2 44.22 464.64 508.86 OK
r-patched-solaris-x86 1.1.2 616.30 OK
r-release-linux-x86_64 1.1.2 35.51 461.37 496.88 OK
r-release-macos-arm64 1.1.2 NOTE
r-release-macos-x86_64 1.1.2 NOTE
r-release-windows-ix86+x86_64 1.1.2 64.00 583.00 647.00 OK
r-oldrel-macos-x86_64 1.1.2 NOTE
r-oldrel-windows-ix86+x86_64 1.1.2 69.00 590.00 659.00 OK

Check Details

Version: 1.1.2
Check: package dependencies
Result: NOTE
    Package suggested but not available for checking: 'igraph'
Flavor: r-devel-windows-x86_64-gcc10-UCRT

Version: 1.1.2
Check: package dependencies
Result: NOTE
    Package suggested but not available for checking: ‘mixAK’
Flavors: r-release-macos-arm64, r-release-macos-x86_64, r-oldrel-macos-x86_64

Version: 1.1.2
Check: Rd cross-references
Result: NOTE
    Package unavailable to check Rd xrefs: ‘mixAK’
Flavors: r-release-macos-arm64, r-release-macos-x86_64, r-oldrel-macos-x86_64