CRAN Package Check Results for Package lava

Last updated on 2021-10-23 00:48:58 CEST.

Flavor Version Tinstall Tcheck Ttotal Status Flags
r-devel-linux-x86_64-debian-clang 1.6.10 38.09 395.42 433.51 NOTE
r-devel-linux-x86_64-debian-gcc 1.6.10 29.99 282.90 312.89 NOTE
r-devel-linux-x86_64-fedora-clang 1.6.10 517.45 NOTE
r-devel-linux-x86_64-fedora-gcc 1.6.10 499.08 NOTE
r-devel-windows-x86_64 1.6.10 60.00 461.00 521.00 OK
r-devel-windows-x86_64-gcc10-UCRT 1.6.10 NOTE
r-patched-linux-x86_64 1.6.10 41.28 381.71 422.99 NOTE
r-patched-solaris-x86 1.6.10 496.40 NOTE
r-release-linux-x86_64 1.6.10 42.23 379.42 421.65 NOTE
r-release-macos-arm64 1.6.10 NOTE
r-release-macos-x86_64 1.6.10 NOTE
r-release-windows-ix86+x86_64 1.6.10 50.00 386.00 436.00 OK
r-oldrel-macos-x86_64 1.6.10 OK
r-oldrel-windows-ix86+x86_64 1.6.10 69.00 490.00 559.00 OK

Check Details

Version: 1.6.10
Check: package dependencies
Result: NOTE
    Packages suggested but not available for checking: 'gof', 'lava.tobit'
Flavors: r-devel-linux-x86_64-debian-clang, r-devel-linux-x86_64-debian-gcc, r-devel-linux-x86_64-fedora-clang, r-devel-linux-x86_64-fedora-gcc, r-patched-linux-x86_64, r-patched-solaris-x86, r-release-linux-x86_64, r-release-macos-arm64, r-release-macos-x86_64

Version: 1.6.10
Check: package dependencies
Result: NOTE
    Packages suggested but not available for checking:
     'gof', 'igraph', 'lava.tobit'
Flavor: r-devel-windows-x86_64-gcc10-UCRT

Version: 1.6.10
Check: installed package size
Result: NOTE
     installed size is 5.1Mb
     sub-directories of 1Mb or more:
     R 2.1Mb
     doc 2.1Mb
Flavor: r-release-macos-arm64