CRAN Package Check Results for Package lawstat

Last updated on 2021-10-16 00:49:19 CEST.

Flavor Version Tinstall Tcheck Ttotal Status Flags
r-devel-linux-x86_64-debian-clang 3.4 6.94 51.39 58.33 OK
r-devel-linux-x86_64-debian-gcc 3.4 4.41 40.23 44.64 OK
r-devel-linux-x86_64-fedora-clang 3.4 79.94 NOTE
r-devel-linux-x86_64-fedora-gcc 3.4 68.89 OK
r-devel-windows-x86_64 3.4 8.00 62.00 70.00 OK
r-devel-windows-x86_64-gcc10-UCRT 3.4 OK
r-patched-linux-x86_64 3.4 5.96 49.85 55.81 OK
r-patched-solaris-x86 3.4 93.70 OK
r-release-linux-x86_64 3.4 5.60 50.60 56.20 OK
r-release-macos-arm64 3.4 OK
r-release-macos-x86_64 3.4 OK
r-release-windows-ix86+x86_64 3.4 11.00 76.00 87.00 OK
r-oldrel-macos-x86_64 3.4 OK
r-oldrel-windows-ix86+x86_64 3.4 12.00 73.00 85.00 OK

Check Details

Version: 3.4
Check: Rd cross-references
Result: NOTE
    Undeclared packages ‘VGAM’, ‘tseries’ in Rd xrefs
Flavor: r-devel-linux-x86_64-fedora-clang