CRAN Package Check Results for Package lazysf

Last updated on 2024-04-14 00:57:36 CEST.

Flavor Version Tinstall Tcheck Ttotal Status Flags
r-devel-linux-x86_64-debian-clang 0.1.0 8.51 72.28 80.79 NOTE
r-devel-linux-x86_64-debian-gcc 0.1.0 6.09 54.29 60.38 NOTE
r-devel-linux-x86_64-fedora-clang 0.1.0 109.77 NOTE
r-devel-linux-x86_64-fedora-gcc 0.1.0 108.40 NOTE
r-devel-windows-x86_64 0.1.0 8.00 70.00 78.00 NOTE
r-patched-linux-x86_64 0.1.0 12.13 68.14 80.27 NOTE
r-release-linux-x86_64 0.1.0 5.47 69.37 74.84 NOTE
r-release-macos-arm64 0.1.0 34.00 NOTE
r-release-macos-x86_64 0.1.0 60.00 NOTE
r-release-windows-x86_64 0.1.0 10.00 80.00 90.00 NOTE
r-oldrel-macos-arm64 0.1.0 29.00 NOTE
r-oldrel-windows-x86_64 0.1.0 12.00 84.00 96.00 NOTE

Check Details

Version: 0.1.0
Check: LazyData
Result: NOTE 'LazyData' is specified without a 'data' directory Flavors: r-devel-linux-x86_64-debian-clang, r-devel-linux-x86_64-debian-gcc, r-devel-linux-x86_64-fedora-clang, r-devel-linux-x86_64-fedora-gcc, r-devel-windows-x86_64, r-patched-linux-x86_64, r-release-linux-x86_64, r-release-macos-arm64, r-release-macos-x86_64, r-release-windows-x86_64, r-oldrel-macos-arm64, r-oldrel-windows-x86_64