Last updated on 2023-10-04 00:58:27 CEST.
Flavor | Version | Tinstall | Tcheck | Ttotal | Status | Flags |
---|---|---|---|---|---|---|
r-devel-linux-x86_64-debian-clang | 1.0.4 | 5.91 | 47.63 | 53.54 | NOTE | |
r-devel-linux-x86_64-debian-gcc | 1.0.4 | 5.38 | 35.32 | 40.70 | NOTE | |
r-devel-linux-x86_64-fedora-clang | 1.0.4 | 65.41 | NOTE | |||
r-devel-linux-x86_64-fedora-gcc | 1.0.4 | 64.27 | NOTE | |||
r-devel-windows-x86_64 | 1.0.4 | 7.00 | 54.00 | 61.00 | NOTE | |
r-patched-linux-x86_64 | 1.0.4 | 6.07 | 44.85 | 50.92 | NOTE | |
r-release-linux-x86_64 | 1.0.4 | 7.12 | 45.38 | 52.50 | NOTE | |
r-release-macos-arm64 | 1.0.4 | 22.00 | NOTE | |||
r-release-macos-x86_64 | 1.0.4 | 40.00 | NOTE | |||
r-release-windows-x86_64 | 1.0.4 | 9.00 | 58.00 | 67.00 | NOTE | |
r-oldrel-macos-arm64 | 1.0.4 | 23.00 | NOTE | |||
r-oldrel-macos-x86_64 | 1.0.4 | 32.00 | NOTE | |||
r-oldrel-windows-x86_64 | 1.0.4 | 9.00 | 62.00 | 71.00 | NOTE |
Version: 1.0.4
Check: LazyData
Result: NOTE
'LazyData' is specified without a 'data' directory
Flavors: r-devel-linux-x86_64-debian-clang, r-devel-linux-x86_64-debian-gcc, r-devel-linux-x86_64-fedora-clang, r-devel-linux-x86_64-fedora-gcc, r-devel-windows-x86_64, r-patched-linux-x86_64, r-release-linux-x86_64, r-release-macos-arm64, r-release-macos-x86_64, r-release-windows-x86_64, r-oldrel-macos-arm64, r-oldrel-macos-x86_64, r-oldrel-windows-x86_64