Last updated on 2023-12-09 00:52:42 CET.
Flavor | Version | Tinstall | Tcheck | Ttotal | Status | Flags |
---|---|---|---|---|---|---|
r-devel-linux-x86_64-debian-clang | 2.1.5 | 150.22 | 126.28 | 276.50 | NOTE | |
r-devel-linux-x86_64-debian-gcc | 2.1.5 | 101.14 | 93.24 | 194.38 | NOTE | |
r-devel-linux-x86_64-fedora-clang | 2.1.5 | 381.21 | NOTE | |||
r-devel-linux-x86_64-fedora-gcc | 2.1.5 | 398.46 | NOTE | |||
r-devel-windows-x86_64 | 2.1.5 | 108.00 | 158.00 | 266.00 | NOTE | |
r-patched-linux-x86_64 | 2.1.5 | 114.70 | 125.74 | 240.44 | NOTE | |
r-release-linux-x86_64 | 2.1.5 | 121.67 | 121.82 | 243.49 | NOTE | |
r-release-macos-arm64 | 2.1.5 | 79.00 | NOTE | |||
r-release-macos-x86_64 | 2.1.5 | 129.00 | NOTE | |||
r-release-windows-x86_64 | 2.1.5 | 140.00 | 178.00 | 318.00 | NOTE | |
r-oldrel-macos-arm64 | 2.1.5 | 98.00 | NOTE | |||
r-oldrel-macos-x86_64 | 2.1.5 | 114.00 | NOTE | |||
r-oldrel-windows-x86_64 | 2.1.5 | 129.00 | 171.00 | 300.00 | OK |
Version: 2.1.5
Check: C++ specification
Result: NOTE
Specified C++11: please drop specification unless essential
Flavors: r-devel-linux-x86_64-debian-clang, r-devel-linux-x86_64-debian-gcc, r-devel-linux-x86_64-fedora-clang, r-devel-linux-x86_64-fedora-gcc, r-devel-windows-x86_64, r-patched-linux-x86_64, r-release-linux-x86_64, r-release-macos-arm64, r-release-macos-x86_64, r-release-windows-x86_64
Version: 2.1.5
Check: package dependencies
Result: NOTE
Package suggested but not available for checking: ‘VariantAnnotation’
Flavors: r-release-macos-arm64, r-release-macos-x86_64
Version: 2.1.5
Check: installed package size
Result: NOTE
installed size is 6.0Mb
sub-directories of 1Mb or more:
libs 5.2Mb
Flavors: r-release-macos-arm64, r-release-macos-x86_64, r-oldrel-macos-arm64, r-oldrel-macos-x86_64