CRAN Package Check Results for Package leaflet.extras

Last updated on 2021-10-21 00:49:49 CEST.

Flavor Version Tinstall Tcheck Ttotal Status Flags
r-devel-linux-x86_64-debian-clang 1.0.0 4.63 34.97 39.60 NOTE
r-devel-linux-x86_64-debian-gcc 1.0.0 3.65 27.02 30.67 NOTE
r-devel-linux-x86_64-fedora-clang 1.0.0 58.66 NOTE
r-devel-linux-x86_64-fedora-gcc 1.0.0 46.29 NOTE
r-devel-windows-x86_64 1.0.0 11.00 54.00 65.00 NOTE
r-devel-windows-x86_64-gcc10-UCRT 1.0.0 NOTE
r-patched-linux-x86_64 1.0.0 9.34 34.32 43.66 NOTE
r-patched-solaris-x86 1.0.0 71.30 NOTE
r-release-linux-x86_64 1.0.0 4.38 34.78 39.16 NOTE
r-release-macos-arm64 1.0.0 NOTE
r-release-macos-x86_64 1.0.0 NOTE
r-release-windows-ix86+x86_64 1.0.0 8.00 54.00 62.00 NOTE
r-oldrel-macos-x86_64 1.0.0 OK
r-oldrel-windows-ix86+x86_64 1.0.0 12.00 62.00 74.00 OK

Check Details

Version: 1.0.0
Check: LazyData
Result: NOTE
     'LazyData' is specified without a 'data' directory
Flavors: r-devel-linux-x86_64-debian-clang, r-devel-linux-x86_64-debian-gcc, r-devel-linux-x86_64-fedora-clang, r-devel-linux-x86_64-fedora-gcc, r-devel-windows-x86_64, r-devel-windows-x86_64-gcc10-UCRT, r-patched-linux-x86_64, r-patched-solaris-x86, r-release-linux-x86_64, r-release-macos-arm64, r-release-macos-x86_64, r-release-windows-ix86+x86_64

Version: 1.0.0
Check: installed package size
Result: NOTE
     installed size is 5.5Mb
     sub-directories of 1Mb or more:
     htmlwidgets 4.2Mb
Flavor: r-patched-solaris-x86