CRAN Package Check Results for Package leaflet.extras2

Last updated on 2021-10-27 00:51:08 CEST.

Flavor Version Tinstall Tcheck Ttotal Status Flags
r-devel-linux-x86_64-debian-clang 1.1.0 4.00 42.99 46.99 OK
r-devel-linux-x86_64-debian-gcc 1.1.0 3.28 32.85 36.13 OK
r-devel-linux-x86_64-fedora-clang 1.1.0 66.91 NOTE
r-devel-linux-x86_64-fedora-gcc 1.1.0 55.97 OK
r-devel-windows-x86_64 1.1.0 9.00 66.00 75.00 OK
r-devel-windows-x86_64-gcc10-UCRT 1.1.0 OK
r-patched-linux-x86_64 1.1.0 13.08 41.29 54.37 OK
r-patched-solaris-x86 1.1.0 87.00 OK
r-release-linux-x86_64 1.1.0 4.84 41.19 46.03 OK
r-release-macos-arm64 1.1.0 OK
r-release-macos-x86_64 1.1.0 OK
r-release-windows-ix86+x86_64 1.1.0 6.00 65.00 71.00 OK
r-oldrel-macos-x86_64 1.1.0 OK
r-oldrel-windows-ix86+x86_64 1.1.0 9.00 73.00 82.00 OK

Check Details

Version: 1.1.0
Check: Rd cross-references
Result: NOTE
    Undeclared package ‘htmlwidgets’ in Rd xrefs
Flavor: r-devel-linux-x86_64-fedora-clang