CRAN Package Check Results for Package leaflet

Last updated on 2021-09-22 00:48:37 CEST.

Flavor Version Tinstall Tcheck Ttotal Status Flags
r-devel-linux-x86_64-debian-clang 2.0.4.1 6.78 54.04 60.82 OK
r-devel-linux-x86_64-debian-gcc 2.0.4.1 5.03 40.93 45.96 OK
r-devel-linux-x86_64-fedora-clang 2.0.4.1 79.82 OK
r-devel-linux-x86_64-fedora-gcc 2.0.4.1 68.10 OK
r-devel-windows-x86_64 2.0.4.1 8.00 55.00 63.00 OK
r-devel-windows-x86_64-gcc10-UCRT 2.0.4.1 ERROR
r-patched-linux-x86_64 2.0.4.1 11.30 52.40 63.70 OK
r-patched-solaris-x86 2.0.4.1 98.60 NOTE
r-release-linux-x86_64 2.0.4.1 5.66 51.84 57.50 OK
r-release-macos-arm64 2.0.4.1 OK
r-release-macos-x86_64 2.0.4.1 OK
r-release-windows-ix86+x86_64 2.0.4.1 12.00 55.00 67.00 OK
r-oldrel-macos-x86_64 2.0.4.1 OK
r-oldrel-windows-ix86+x86_64 2.0.4.1 12.00 52.00 64.00 OK

Check Details

Version: 2.0.4.1
Check: whether package can be installed
Result: WARN
    Found the following significant warnings:
     WARNING: installation-time patches will not be applied, could not get the patches index
Flavor: r-devel-windows-x86_64-gcc10-UCRT

Version: 2.0.4.1
Check: PDF version of manual
Result: WARN
    LaTeX errors when creating PDF version.
    This typically indicates Rd problems.
Flavor: r-devel-windows-x86_64-gcc10-UCRT

Version: 2.0.4.1
Check: PDF version of manual without hyperrefs or index
Result: ERROR
    Re-running with no redirection of stdout/stderr.
Flavor: r-devel-windows-x86_64-gcc10-UCRT

Version: 2.0.4.1
Check: installed package size
Result: NOTE
     installed size is 5.5Mb
     sub-directories of 1Mb or more:
     htmlwidgets 3.9Mb
Flavor: r-patched-solaris-x86