CRAN Package Check Results for Package leri

Last updated on 2023-10-03 01:04:55 CEST.

Flavor Version Tinstall Tcheck Ttotal Status Flags
r-devel-linux-x86_64-debian-clang 0.0.1 2.38 35.63 38.01 NOTE
r-devel-linux-x86_64-debian-gcc 0.0.1 1.78 28.78 30.56 NOTE
r-devel-linux-x86_64-fedora-clang 0.0.1 48.69 NOTE
r-devel-linux-x86_64-fedora-gcc 0.0.1 58.16 NOTE
r-devel-windows-x86_64 0.0.1 4.00 52.00 56.00 NOTE
r-patched-linux-x86_64 0.0.1 2.07 34.65 36.72 NOTE
r-release-linux-x86_64 0.0.1 2.13 34.81 36.94 NOTE
r-release-macos-arm64 0.0.1 29.00 NOTE
r-release-macos-x86_64 0.0.1 37.00 NOTE
r-release-windows-x86_64 0.0.1 8.00 57.00 65.00 NOTE
r-oldrel-macos-arm64 0.0.1 24.00 NOTE
r-oldrel-macos-x86_64 0.0.1 25.00 NOTE
r-oldrel-windows-x86_64 0.0.1 4.00 58.00 62.00 NOTE

Check Details

Version: 0.0.1
Check: LazyData
Result: NOTE
     'LazyData' is specified without a 'data' directory
Flavors: r-devel-linux-x86_64-debian-clang, r-devel-linux-x86_64-debian-gcc, r-devel-linux-x86_64-fedora-clang, r-devel-linux-x86_64-fedora-gcc, r-devel-windows-x86_64, r-patched-linux-x86_64, r-release-linux-x86_64, r-release-macos-arm64, r-release-macos-x86_64, r-release-windows-x86_64, r-oldrel-macos-arm64, r-oldrel-macos-x86_64, r-oldrel-windows-x86_64