Last updated on 2023-09-26 01:06:25 CEST.
Flavor | Version | Tinstall | Tcheck | Ttotal | Status | Flags |
---|---|---|---|---|---|---|
r-devel-linux-x86_64-debian-clang | 4.2.9 | 37.85 | 300.65 | 338.50 | OK | |
r-devel-linux-x86_64-debian-gcc | 4.2.9 | 34.97 | 220.49 | 255.46 | OK | |
r-devel-linux-x86_64-fedora-clang | 4.2.9 | 421.48 | NOTE | |||
r-devel-linux-x86_64-fedora-gcc | 4.2.9 | 438.45 | OK | |||
r-devel-windows-x86_64 | 4.2.9 | 37.00 | 252.00 | 289.00 | NOTE | |
r-patched-linux-x86_64 | 4.2.9 | 46.93 | 291.88 | 338.81 | OK | |
r-release-linux-x86_64 | 4.2.9 | 39.53 | 300.22 | 339.75 | OK | |
r-release-macos-arm64 | 4.2.9 | 105.00 | NOTE | |||
r-release-macos-x86_64 | 4.2.9 | 323.00 | NOTE | |||
r-release-windows-x86_64 | 4.2.9 | 51.00 | 310.00 | 361.00 | NOTE | |
r-oldrel-macos-arm64 | 4.2.9 | 104.00 | NOTE | |||
r-oldrel-macos-x86_64 | 4.2.9 | 143.00 | NOTE | |||
r-oldrel-windows-x86_64 | 4.2.9 | 48.00 | 312.00 | 360.00 | NOTE |
Version: 4.2.9
Check: installed package size
Result: NOTE
installed size is 8.6Mb
sub-directories of 1Mb or more:
R 1.3Mb
doc 5.9Mb
Flavors: r-devel-linux-x86_64-fedora-clang, r-devel-windows-x86_64, r-release-macos-arm64, r-release-macos-x86_64, r-release-windows-x86_64, r-oldrel-macos-arm64, r-oldrel-macos-x86_64, r-oldrel-windows-x86_64