CRAN Package Check Results for Package lessR

Last updated on 2024-06-21 00:57:14 CEST.

Flavor Version Tinstall Tcheck Ttotal Status Flags
r-devel-linux-x86_64-debian-clang 4.3.3 41.19 349.77 390.96 OK
r-devel-linux-x86_64-debian-gcc 4.3.3 32.32 254.98 287.30 OK
r-devel-linux-x86_64-fedora-clang 4.3.3 498.91 NOTE
r-devel-linux-x86_64-fedora-gcc 4.3.3 495.55 OK
r-devel-windows-x86_64 4.3.3 36.00 261.00 297.00 NOTE
r-patched-linux-x86_64 4.3.3 49.38 343.30 392.68 OK
r-release-linux-x86_64 4.3.3 42.21 341.61 383.82 OK
r-release-macos-arm64 4.3.3 130.00 NOTE
r-release-macos-x86_64 4.3.3 206.00 NOTE
r-release-windows-x86_64 4.3.3 34.00 259.00 293.00 NOTE
r-oldrel-macos-arm64 4.3.3 122.00 NOTE
r-oldrel-macos-x86_64 4.3.3 315.00 NOTE
r-oldrel-windows-x86_64 4.3.3 49.00 316.00 365.00 NOTE

Check Details

Version: 4.3.3
Check: installed package size
Result: NOTE installed size is 8.8Mb sub-directories of 1Mb or more: R 1.3Mb doc 6.1Mb Flavors: r-devel-linux-x86_64-fedora-clang, r-devel-windows-x86_64, r-release-macos-arm64, r-release-macos-x86_64, r-release-windows-x86_64, r-oldrel-macos-arm64, r-oldrel-macos-x86_64, r-oldrel-windows-x86_64