CRAN Package Check Results for Package levitate

Last updated on 2021-10-17 00:48:41 CEST.

Flavor Version Tinstall Tcheck Ttotal Status Flags
r-devel-linux-x86_64-debian-clang 0.1.0 2.35 48.22 50.57 OK
r-devel-linux-x86_64-debian-gcc 0.1.0 1.82 34.85 36.67 OK
r-devel-linux-x86_64-fedora-clang 0.1.0 67.19 NOTE
r-devel-linux-x86_64-fedora-gcc 0.1.0 58.88 NOTE
r-devel-windows-x86_64 0.1.0 4.00 51.00 55.00 OK
r-devel-windows-x86_64-gcc10-UCRT 0.1.0 NOTE
r-patched-linux-x86_64 0.1.0 2.52 44.06 46.58 OK
r-patched-solaris-x86 0.1.0 52.00 NOTE
r-release-linux-x86_64 0.1.0 2.20 43.15 45.35 OK
r-release-macos-arm64 0.1.0 NOTE
r-release-macos-x86_64 0.1.0 NOTE
r-release-windows-ix86+x86_64 0.1.0 4.00 66.00 70.00 OK
r-oldrel-macos-x86_64 0.1.0 NOTE
r-oldrel-windows-ix86+x86_64 0.1.0 6.00 74.00 80.00 OK

Check Details

Version: 0.1.0
Check: dependencies in R code
Result: NOTE
    Namespaces in Imports field not imported from:
     ‘cli’ ‘glue’ ‘stringr’
     All declared Imports should be used.
Flavors: r-devel-linux-x86_64-fedora-clang, r-devel-linux-x86_64-fedora-gcc, r-devel-windows-x86_64-gcc10-UCRT, r-patched-solaris-x86, r-release-macos-arm64, r-release-macos-x86_64, r-oldrel-macos-x86_64