CRAN Package Check Results for Package lfc

Last updated on 2024-04-14 00:57:36 CEST.

Flavor Version Tinstall Tcheck Ttotal Status Flags
r-devel-linux-x86_64-debian-clang 0.2.3 2.31 77.59 79.90 OK
r-devel-linux-x86_64-debian-gcc 0.2.3 1.55 54.48 56.03 OK
r-devel-linux-x86_64-fedora-clang 0.2.3 104.33 OK
r-devel-linux-x86_64-fedora-gcc 0.2.3 111.67 OK
r-devel-windows-x86_64 0.2.3 2.00 77.00 79.00 OK
r-patched-linux-x86_64 0.2.3 2.15 48.71 50.86 ERROR
r-release-linux-x86_64 0.2.3 1.97 68.09 70.06 OK
r-release-macos-arm64 0.2.3 50.00 OK
r-release-macos-x86_64 0.2.3 78.00 OK
r-release-windows-x86_64 0.2.3 2.00 87.00 89.00 OK
r-oldrel-macos-arm64 0.2.3 39.00 OK
r-oldrel-windows-x86_64 0.2.3 4.00 95.00 99.00 OK

Check Details

Version: 0.2.3
Check: re-building of vignette outputs
Result: ERROR Error(s) in re-building vignettes: ... --- re-building ‘lfc_vignette.Rmd’ using rmarkdown Quitting from lines at lines 35-47 [unnamed-chunk-1] (lfc_vignette.Rmd) Error: processing vignette 'lfc_vignette.Rmd' failed with diagnostics: cannot open the connection to 'https://www.ncbi.nlm.nih.gov/geo/download/?acc=GSE160764&format=file&file=GSE160764%5FRNA%5FMEF%5FOla%5FIFNb%5FCounttable%5FRaw%2Etxt%2Egz' --- failed re-building ‘lfc_vignette.Rmd’ SUMMARY: processing the following file failed: ‘lfc_vignette.Rmd’ Error: Vignette re-building failed. Execution halted Flavor: r-patched-linux-x86_64