CRAN Package Check Results for Package liayson

Last updated on 2021-10-24 00:51:02 CEST.

Flavor Version Tinstall Tcheck Ttotal Status Flags
r-devel-linux-x86_64-debian-clang 1.0.4 31.94 300.75 332.69 OK
r-devel-linux-x86_64-debian-gcc 1.0.4 27.08 224.65 251.73 OK
r-devel-linux-x86_64-fedora-clang 1.0.4 420.96 OK
r-devel-linux-x86_64-fedora-gcc 1.0.4 398.74 OK
r-devel-windows-x86_64 1.0.4 45.00 355.00 400.00 OK
r-devel-windows-x86_64-gcc10-UCRT 1.0.4 OK
r-patched-linux-x86_64 1.0.4 37.06 278.00 315.06 OK
r-patched-solaris-x86 1.0.4 598.30 OK
r-release-linux-x86_64 1.0.4 23.66 284.94 308.60 OK
r-release-macos-arm64 1.0.4 OK
r-release-macos-x86_64 1.0.4 NOTE
r-release-windows-ix86+x86_64 1.0.4 48.00 351.00 399.00 OK
r-oldrel-macos-x86_64 1.0.4 OK
r-oldrel-windows-ix86+x86_64 1.0.4 75.00 383.00 458.00 OK

Check Details

Version: 1.0.4
Check: re-building of vignette outputs
Result: NOTE
    Error(s) in re-building vignettes:
     ...
    --- re-building ‘liayson.Rnw’ using Sweave
    Ensembl site unresponsive, trying uswest mirror
    
    Error: processing vignette 'liayson.Rnw' failed with diagnostics:
     chunk 1
    Error in readRDS(bfc[[rid]]) : unknown input format
    
    --- failed re-building ‘liayson.Rnw’
    
    SUMMARY: processing the following file failed:
     ‘liayson.Rnw’
    
    Error: Vignette re-building failed.
    Execution halted
Flavor: r-release-macos-x86_64