CRAN Package Check Results for Package libbib

Last updated on 2024-02-24 00:51:18 CET.

Flavor Version Tinstall Tcheck Ttotal Status Flags
r-devel-linux-x86_64-debian-clang 1.6.4 5.55 57.57 63.12 OK
r-devel-linux-x86_64-debian-gcc 1.6.4 4.12 42.64 46.76 OK
r-devel-linux-x86_64-fedora-clang 1.6.4 76.27 NOTE
r-devel-linux-x86_64-fedora-gcc 1.6.4 84.84 NOTE
r-devel-windows-x86_64 1.6.4 6.00 75.00 81.00 OK
r-patched-linux-x86_64 1.6.4 6.58 54.71 61.29 OK
r-release-linux-x86_64 1.6.4 5.24 54.99 60.23 OK
r-release-macos-arm64 1.6.4 31.00 OK
r-release-macos-x86_64 1.6.4 51.00 OK
r-release-windows-x86_64 1.6.4 8.00 81.00 89.00 OK
r-oldrel-macos-arm64 1.6.4 29.00 NOTE
r-oldrel-windows-x86_64 1.6.4 8.00 77.00 85.00 OK

Check Details

Version: 1.6.4
Check: data for non-ASCII characters
Result: NOTE Note: found 22 marked UTF-8 strings Flavors: r-devel-linux-x86_64-fedora-clang, r-devel-linux-x86_64-fedora-gcc, r-oldrel-macos-arm64