CRAN Package Check Results for Package libbib

Last updated on 2023-06-03 00:57:11 CEST.

Flavor Version Tinstall Tcheck Ttotal Status Flags
r-devel-linux-x86_64-debian-clang 1.6.4 6.10 56.70 62.80 OK
r-devel-linux-x86_64-debian-gcc 1.6.4 3.72 42.05 45.77 OK
r-devel-linux-x86_64-fedora-clang 1.6.4 74.95 NOTE
r-devel-linux-x86_64-fedora-gcc 1.6.4 81.32 NOTE
r-devel-windows-x86_64 1.6.4 6.00 77.00 83.00 OK
r-patched-linux-x86_64 1.6.4 OK
r-release-linux-x86_64 1.6.4 4.48 52.09 56.57 OK
r-release-macos-arm64 1.6.4 31.00 OK
r-release-macos-x86_64 1.6.4 51.00 OK
r-release-windows-x86_64 1.6.4 7.00 83.00 90.00 OK
r-oldrel-macos-arm64 1.6.4 29.00 NOTE
r-oldrel-macos-x86_64 1.6.4 38.00 NOTE
r-oldrel-windows-x86_64 1.6.4 8.00 79.00 87.00 OK

Check Details

Version: 1.6.4
Check: data for non-ASCII characters
Result: NOTE
     Note: found 22 marked UTF-8 strings
Flavors: r-devel-linux-x86_64-fedora-clang, r-devel-linux-x86_64-fedora-gcc, r-oldrel-macos-arm64, r-oldrel-macos-x86_64