CRAN Package Check Results for Package libgeos

Last updated on 2025-04-30 00:49:49 CEST.

Flavor Version Tinstall Tcheck Ttotal Status Flags
r-devel-linux-x86_64-debian-clang 3.11.1-3 664.04 21.84 685.88 OK
r-devel-linux-x86_64-debian-gcc 3.11.1-3 434.67 18.42 453.09 OK
r-devel-linux-x86_64-fedora-clang 3.11.1-3 1723.30 OK
r-devel-linux-x86_64-fedora-gcc 3.11.1-3 1251.59 OK
r-devel-windows-x86_64 3.11.1-3 707.00 89.00 796.00 OK
r-patched-linux-x86_64 3.11.1-3 607.64 20.42 628.06 OK
r-release-linux-x86_64 3.11.1-3 607.66 20.05 627.71 OK
r-release-macos-arm64 3.11.1-3 237.00 OK
r-release-macos-x86_64 3.11.1-3 219.00 OK
r-release-windows-x86_64 3.11.1-3 720.00 88.00 808.00 OK
r-oldrel-macos-arm64 3.11.1-3 243.00 NOTE
r-oldrel-macos-x86_64 3.11.1-3 212.00 NOTE
r-oldrel-windows-x86_64 3.11.1-3 747.00 109.00 856.00 OK

Check Details

Version: 3.11.1-3
Check: installed package size
Result: NOTE installed size is 43.5Mb sub-directories of 1Mb or more: libs 43.3Mb Flavors: r-oldrel-macos-arm64, r-oldrel-macos-x86_64