Last updated on 2023-06-03 00:57:11 CEST.
Flavor | Version | Tinstall | Tcheck | Ttotal | Status | Flags |
---|---|---|---|---|---|---|
r-devel-linux-x86_64-debian-clang | 0.9.6 | 8.21 | 78.95 | 87.16 | OK | |
r-devel-linux-x86_64-debian-gcc | 0.9.6 | 6.60 | 57.80 | 64.40 | OK | |
r-devel-linux-x86_64-fedora-clang | 0.9.6 | 108.64 | NOTE | |||
r-devel-linux-x86_64-fedora-gcc | 0.9.6 | 109.64 | NOTE | |||
r-devel-windows-x86_64 | 0.9.6 | 11.00 | 77.00 | 88.00 | OK | |
r-patched-linux-x86_64 | 0.9.6 | OK | ||||
r-release-linux-x86_64 | 0.9.6 | 5.43 | 71.92 | 77.35 | OK | |
r-release-macos-arm64 | 0.9.6 | 38.00 | OK | |||
r-release-macos-x86_64 | 0.9.6 | 53.00 | OK | |||
r-release-windows-x86_64 | 0.9.6 | 12.00 | 93.00 | 105.00 | OK | |
r-oldrel-macos-arm64 | 0.9.6 | 39.00 | NOTE | |||
r-oldrel-macos-x86_64 | 0.9.6 | 48.00 | NOTE | |||
r-oldrel-windows-x86_64 | 0.9.6 | 11.00 | 93.00 | 104.00 | OK |
Version: 0.9.6
Check: dependencies in R code
Result: NOTE
Namespace in Imports field not imported from: ‘knitr’
All declared Imports should be used.
Flavors: r-devel-linux-x86_64-fedora-clang, r-devel-linux-x86_64-fedora-gcc, r-oldrel-macos-arm64, r-oldrel-macos-x86_64