CRAN Package Check Results for Package lilikoi

Last updated on 2023-03-22 00:52:24 CET.

Flavor Version Tinstall Tcheck Ttotal Status Flags
r-devel-linux-x86_64-debian-clang 2.1.1 43.48 425.93 469.41 OK
r-devel-linux-x86_64-debian-gcc 2.1.1 42.82 323.00 365.82 OK
r-devel-linux-x86_64-fedora-clang 2.1.1 624.82 NOTE
r-devel-linux-x86_64-fedora-gcc 2.1.1 606.55 OK
r-patched-linux-x86_64 2.1.1 52.18 400.48 452.66 OK
r-release-linux-x86_64 2.1.1 44.50 398.62 443.12 OK
r-release-macos-arm64 2.1.1 128.00 OK
r-release-macos-x86_64 2.1.1 198.00 OK
r-release-windows-x86_64 2.1.1 60.00 401.00 461.00 OK
r-oldrel-macos-arm64 2.1.1 125.00 OK
r-oldrel-macos-x86_64 2.1.1 193.00 OK
r-oldrel-windows-ix86+x86_64 2.1.1 117.00 419.00 536.00 OK

Check Details

Version: 2.1.1
Check: package dependencies
Result: NOTE
    Imports includes 26 non-default packages.
    Importing from so many packages makes the package vulnerable to any of
    them becoming unavailable. Move as many as possible to Suggests and
    use conditionally.
Flavor: r-devel-linux-x86_64-fedora-clang