CRAN Package Check Results for Package lineartestr

Last updated on 2021-10-27 00:51:09 CEST.

Flavor Version Tinstall Tcheck Ttotal Status Flags
r-devel-linux-x86_64-debian-clang 1.0.0 2.50 33.99 36.49 NOTE
r-devel-linux-x86_64-debian-gcc 1.0.0 2.06 26.91 28.97 NOTE
r-devel-linux-x86_64-fedora-clang 1.0.0 54.95 NOTE
r-devel-linux-x86_64-fedora-gcc 1.0.0 44.73 NOTE
r-devel-windows-x86_64 1.0.0 6.00 56.00 62.00 NOTE
r-devel-windows-x86_64-gcc10-UCRT 1.0.0 NOTE
r-patched-linux-x86_64 1.0.0 2.61 33.19 35.80 NOTE
r-patched-solaris-x86 1.0.0 68.20 NOTE
r-release-linux-x86_64 1.0.0 2.47 32.95 35.42 NOTE
r-release-macos-arm64 1.0.0 NOTE
r-release-macos-x86_64 1.0.0 NOTE
r-release-windows-ix86+x86_64 1.0.0 5.00 57.00 62.00 NOTE
r-oldrel-macos-x86_64 1.0.0 OK
r-oldrel-windows-ix86+x86_64 1.0.0 6.00 65.00 71.00 OK

Check Details

Version: 1.0.0
Check: LazyData
Result: NOTE
     'LazyData' is specified without a 'data' directory
Flavors: r-devel-linux-x86_64-debian-clang, r-devel-linux-x86_64-debian-gcc, r-devel-linux-x86_64-fedora-clang, r-devel-linux-x86_64-fedora-gcc, r-devel-windows-x86_64, r-devel-windows-x86_64-gcc10-UCRT, r-patched-linux-x86_64, r-patched-solaris-x86, r-release-linux-x86_64, r-release-macos-arm64, r-release-macos-x86_64, r-release-windows-ix86+x86_64