CRAN Package Check Results for Package lingmatch

Last updated on 2024-06-13 00:55:20 CEST.

Flavor Version Tinstall Tcheck Ttotal Status Flags
r-devel-linux-x86_64-debian-clang 1.0.7 75.24 113.34 188.58 OK
r-devel-linux-x86_64-debian-gcc 1.0.7 65.38 74.82 140.20 ERROR
r-devel-linux-x86_64-fedora-clang 1.0.7 262.93 OK
r-devel-linux-x86_64-fedora-gcc 1.0.7 273.79 OK
r-devel-windows-x86_64 1.0.7 68.00 116.00 184.00 OK
r-patched-linux-x86_64 1.0.7 74.37 106.03 180.40 OK
r-release-linux-x86_64 1.0.7 70.26 106.24 176.50 OK
r-release-macos-arm64 1.0.7 66.00 NOTE
r-release-macos-x86_64 1.0.7 121.00 NOTE
r-release-windows-x86_64 1.0.7 68.00 122.00 190.00 OK
r-oldrel-macos-arm64 1.0.7 72.00 NOTE
r-oldrel-macos-x86_64 1.0.7 154.00 NOTE
r-oldrel-windows-x86_64 1.0.7 64.00 147.00 211.00 OK

Check Details

Version: 1.0.7
Check: package dependencies
Result: NOTE Package suggested but not available for checking: ‘testthat’ Flavor: r-devel-linux-x86_64-debian-gcc

Version: 1.0.7
Check: tests
Result: ERROR Running ‘testthat.R’ [0s/1s] Running the tests in ‘tests/testthat.R’ failed. Complete output: > library(testthat) Error in library(testthat) : there is no package called 'testthat' Execution halted Flavor: r-devel-linux-x86_64-debian-gcc

Version: 1.0.7
Check: installed package size
Result: NOTE installed size is 5.1Mb sub-directories of 1Mb or more: libs 4.7Mb Flavors: r-release-macos-arm64, r-release-macos-x86_64, r-oldrel-macos-arm64, r-oldrel-macos-x86_64